{"id":13902,"date":"2024-10-28T15:03:08","date_gmt":"2024-10-28T18:03:08","guid":{"rendered":"https:\/\/previnorte.com.br\/site2\/?page_id=13902"},"modified":"2024-11-07T16:15:26","modified_gmt":"2024-11-07T19:15:26","slug":"emprestimo-previnorte-uma-ajuda-no-planejamento-financeiro-de-curto-prazo","status":"publish","type":"page","link":"https:\/\/previnorte.com.br\/site2\/emprestimo-previnorte-uma-ajuda-no-planejamento-financeiro-de-curto-prazo\/","title":{"rendered":"Empr\u00e9stimo Previnorte: uma ajuda no planejamento financeiro de curto prazo"},"content":{"rendered":"\n<p>A Previnorte est\u00e1 sempre comprometida em oferecer solu\u00e7\u00f5es financeiras adequadas e vantajosas para seus participantes. Por isso, disponibiliza uma linha de cr\u00e9dito exclusiva e com condi\u00e7\u00f5es especiais, que s\u00e3o uma alternativa competitiva em rela\u00e7\u00e3o aos empr\u00e9stimos banc\u00e1rios.<\/p>\n\n\n\n<p class=\"has-background\" style=\"background:linear-gradient(135deg,rgb(238,238,238) 100%,rgb(169,184,195) 100%)\"><strong>Uma solu\u00e7\u00e3o de cr\u00e9dito para o participante<\/strong><\/p>\n\n\n\n<p>Diferentemente das institui\u00e7\u00f5es financeiras tradicionais, onde as taxas de juros podem ser substancialmente mais elevadas, os empr\u00e9stimos da Previnorte s\u00e3o oferecidos com uma taxa de juros p\u00f3s-fixada, recalculada conforme a varia\u00e7\u00e3o da infla\u00e7\u00e3o. Isso ocorre por meio da utiliza\u00e7\u00e3o da Tabela PRICE, um sistema que permite ao participante pagar parcelas mensais com valores ajustados de acordo com a atualiza\u00e7\u00e3o do saldo devedor.<\/p>\n\n\n\n<p>Os juros praticados s\u00e3o muito mais acess\u00edveis, uma vez que a Previnorte, por ser uma entidade sem fins lucrativos, prioriza o bem-estar financeiro de seus participantes. Portanto, o cr\u00e9dito concedido n\u00e3o visa ao lucro, mas apenas a reposi\u00e7\u00e3o aos planos de benef\u00edcios dos recursos emprestados<\/p>\n\n\n\n<p>\u00c9 importante refor\u00e7ar que, para ser uma solu\u00e7\u00e3o e n\u00e3o um problema, os empr\u00e9stimos devem sempre fazer parte de uma boa organiza\u00e7\u00e3o financeira. Al\u00e9m disso, deve-se evitar atrasos nas parcelas, que podem resultar em multas e encargos previstos em contrato.<\/p>\n\n\n\n<p class=\"has-background\" style=\"background:linear-gradient(135deg,rgb(238,238,238) 100%,rgb(169,184,195) 100%)\"><strong>Regras e regula\u00e7\u00f5es: como funcionam os empr\u00e9stimos na Previnorte<\/strong><\/p>\n\n\n\n<p>Os empr\u00e9stimos oferecidos pela Previnorte seguem regras estritamente reguladas por normativos que asseguram a sa\u00fade financeira dos planos de benef\u00edcios e o cumprimento de metas atuariais. O segmento de previd\u00eancia complementar fechado no Brasil \u00e9 fiscalizado pela Superintend\u00eancia Nacional de Previd\u00eancia Complementar (PREVIC), que imp\u00f5e diretrizes r\u00edgidas para garantir que as funda\u00e7\u00f5es de previd\u00eancia operem com responsabilidade e de forma sustent\u00e1vel.<\/p>\n\n\n\n<p>Na Funda\u00e7\u00e3o, os empr\u00e9stimos t\u00eam regras bem definidas em um regulamento pr\u00f3prio, o qual estabelece, por exemplo: quais participantes s\u00e3o eleg\u00edveis \u00e0 contrata\u00e7\u00e3o de empr\u00e9stimos, os limites de valores, as condi\u00e7\u00f5es relacionadas \u00e0 margem consign\u00e1vel e v\u00e1rios outros aspectos importantes para dar seguran\u00e7a aos participantes e seus planos.<\/p>\n\n\n\n<p class=\"has-background\" style=\"background:linear-gradient(135deg,rgb(238,238,238) 100%,rgb(169,184,195) 100%)\"><strong>Principais Normativos:<\/strong><\/p>\n\n\n\n<p><strong>Resolu\u00e7\u00e3o CMN n\u00ba 4.994\/2022:<\/strong> Essa resolu\u00e7\u00e3o estabelece as diretrizes de investimento das Entidades Fechadas de Previd\u00eancia Complementar (EFPC). Ela permite que as entidades concedam empr\u00e9stimos a seus participantes, desde que esses empr\u00e9stimos n\u00e3o excedam 15% dos recursos garantidores dos planos de benef\u00edcios.<\/p>\n\n\n\n<p><strong>Resolu\u00e7\u00e3o CNPC n\u00ba 28\/2018:<\/strong> Esta norma complementa as regras de opera\u00e7\u00f5es com participantes, estabelecendo que os empr\u00e9stimos devem respeitar a meta atuarial ou de rentabilidade do plano. Estas metas visam assegurar que os recursos acumulados pelos participantes ser\u00e3o suficientes para cobrir as obriga\u00e7\u00f5es de longo prazo. Ou seja, os empr\u00e9stimos da Previnorte nunca podem ter uma taxa menor que a meta de cada plano.<\/p>\n\n\n\n<p><strong>Lei Complementar n\u00ba 109\/2001:<\/strong> A Lei da Previd\u00eancia Complementar estabelece que as EFPCs devem atuar com prud\u00eancia e transpar\u00eancia em todas as suas opera\u00e7\u00f5es, visando sempre \u00e0 seguran\u00e7a dos recursos dos participantes. No caso dos empr\u00e9stimos, isso implica n\u00e3o apenas oferecer taxas competitivas, mas tamb\u00e9m respeitar limites rigorosos de concess\u00e3o de cr\u00e9dito, de modo a preservar a liquidez do fundo.<\/p>\n\n\n\n<p class=\"has-background\" style=\"background:linear-gradient(135deg,rgb(238,238,238) 100%,rgb(169,184,195) 100%)\"><strong>A import\u00e2ncia das metas e da taxa de juros<\/strong><\/p>\n\n\n\n<p>Um ponto crucial na concess\u00e3o de empr\u00e9stimos por entidades fechadas de previd\u00eancia complementar \u00e9 a necessidade de que a taxa de juros cobrada nos empr\u00e9stimos seja superior \u00e0 meta atuarial dos planos de benef\u00edcios. Estas metas s\u00e3o definidas com base em proje\u00e7\u00f5es de longo prazo que incluem fatores como a infla\u00e7\u00e3o e a expectativa de retorno sobre os investimentos. Elas garantem que o plano conseguir\u00e1 cumprir suas obriga\u00e7\u00f5es de pagamento de benef\u00edcios aos participantes no futuro.<\/p>\n\n\n\n<p>Por exemplo, se a meta atuarial do plano 01-A for de 4% ao ano mais o IPCA, a taxa de juros cobrada nos empr\u00e9stimos aos participantes deve ser maior do que essa meta. Isso assegura que, mesmo com a concess\u00e3o de cr\u00e9dito, o plano de benef\u00edcios continue gerando os rendimentos necess\u00e1rios para sustentar o pagamento das aposentadorias e pens\u00f5es. O mecanismo \u00e9 similar nos demais planos.<\/p>\n\n\n\n<p class=\"has-background\" style=\"background:linear-gradient(135deg,rgb(238,238,238) 100%,rgb(169,184,195) 100%)\"><strong>Como funciona a varia\u00e7\u00e3o das parcelas<\/strong><\/p>\n\n\n\n<p>Para ilustrar a metodologia para defini\u00e7\u00e3o de cada parcela mensal, apresentamos um exemplo fict\u00edcio: imagine que um determinado participante do Plano 01-B contratou, em 01\/09\/2024, um empr\u00e9stimo no valor de R$10.000,00, no prazo m\u00e1ximo de 80 parcelas.<\/p>\n\n\n\n<p>Considerando que o participante somente paga a primeira presta\u00e7\u00e3o do empr\u00e9stimo no m\u00eas seguinte \u00e0 concess\u00e3o, no primeiro m\u00eas n\u00e3o haver\u00e1 parcela, mas apenas a atualiza\u00e7\u00e3o pelos encargos, que s\u00e3o: a taxa de juros contratada, a corre\u00e7\u00e3o monet\u00e1ria pela infla\u00e7\u00e3o do m\u00eas anterior e o valor do seguro. No nosso exemplo, estes encargos correspondem a:<\/p>\n\n\n\n<ul class=\"wp-block-list\">\n<li>Juros fixos contratados: 0,37% a.m.<\/li>\n\n\n\n<li>\u00cdndice de corre\u00e7\u00e3o: IPCA<\/li>\n\n\n\n<li>Valor fict\u00edcio do IPCA do m\u00eas anterior: 0,50%<\/li>\n\n\n\n<li>Taxa do seguro: 0,04351%<\/li>\n<\/ul>\n\n\n\n<p>Considerando estas premissas, o valor do saldo devedor em 30\/09\/2024 ser\u00e1 de R$10.084,27.<\/p>\n\n\n\n<p>Imagine agora, neste mesmo exemplo, que o IPCA calculado para o m\u00eas 09\/2024 foi de 0,25%. Mantidas todas as demais condi\u00e7\u00f5es de juros fixos e taxa do seguro, o valor da d\u00edvida em 31\/10\/2024 ser\u00e1 de R$10.084,27. Com base neste valor, ser\u00e1 calculada a primeira presta\u00e7\u00e3o, no valor de R$ 164,71, com a seguinte composi\u00e7\u00e3o:<\/p>\n\n\n\n<ul class=\"wp-block-list\">\n<li>Amortiza\u00e7\u00e3o do saldo devedor: R$ 97,70<\/li>\n\n\n\n<li>Juros fixos contratados: R$ 37,41<\/li>\n\n\n\n<li>Corre\u00e7\u00e3o Monet\u00e1ria (IPCA): R$ 25,21<\/li>\n\n\n\n<li>Seguro: R$ 4,39<\/li>\n<\/ul>\n\n\n\n<p>Com a amortiza\u00e7\u00e3o ocorrida, o novo saldo devedor ser\u00e1 de R$9.986,57, posicionado em 31\/10\/2024. Este valor ser\u00e1 atualizado no m\u00eas seguinte pelo IPCA e pelos juros fixos contratados, definindo o valor da terceira parcela e assim sucessivamente.<\/p>\n\n\n\n<p class=\"has-background\" style=\"background:linear-gradient(135deg,rgb(238,238,238) 100%,rgb(169,184,195) 100%)\"><strong>Resumindo<\/strong><\/p>\n\n\n\n<p>Os empr\u00e9stimos oferecidos pela Previnorte s\u00e3o uma excelente op\u00e7\u00e3o para participantes que desejam cr\u00e9dito com juros mais baixos e condi\u00e7\u00f5es justas, sem contar o fato de que os juros s\u00e3o pagos ao pr\u00f3prio plano de benef\u00edcios. As regras definidas pela PREVIC, como o respeito \u00e0 meta atuarial e o limite de concess\u00e3o de cr\u00e9dito, asseguram a sustentabilidade dos planos. Dessa forma, o participante n\u00e3o apenas acessa condi\u00e7\u00f5es de empr\u00e9stimo mais vantajosas, como tamb\u00e9m tem a seguran\u00e7a de que seus investimentos no plano de previd\u00eancia est\u00e3o protegidos.<\/p>\n\n\n\n<div style=\"height:28px\" aria-hidden=\"true\" class=\"wp-block-spacer\"><\/div>\n\n\n\n<p class=\"has-small-font-size\">Compartilhe esta mat\u00e9ria:<\/p>\n","protected":false},"excerpt":{"rendered":"<p>A Previnorte est\u00e1 sempre comprometida em oferecer solu\u00e7\u00f5es financeiras adequadas e vantajosas para seus participantes. Por isso, disponibiliza uma linha de cr\u00e9dito exclusiva e com condi\u00e7\u00f5es especiais, que s\u00e3o uma alternativa competitiva em rela\u00e7\u00e3o aos empr\u00e9stimos banc\u00e1rios. Uma solu\u00e7\u00e3o de cr\u00e9dito para o participante Diferentemente das institui\u00e7\u00f5es financeiras tradicionais, onde as taxas de juros podem [&hellip;]<\/p>\n","protected":false},"author":6,"featured_media":13934,"parent":0,"menu_order":0,"comment_status":"closed","ping_status":"closed","template":"","meta":{"_acf_changed":false,"om_disable_all_campaigns":false,"_monsterinsights_skip_tracking":false,"_monsterinsights_sitenote_active":false,"_monsterinsights_sitenote_note":"","_monsterinsights_sitenote_category":0,"_uf_show_specific_survey":0,"_uf_disable_surveys":false,"footnotes":""},"class_list":["post-13902","page","type-page","status-publish","has-post-thumbnail","hentry"],"acf":[],"aioseo_notices":[],"yoast_head":"<!-- This site is optimized with the Yoast SEO plugin v26.2 - https:\/\/yoast.com\/wordpress\/plugins\/seo\/ -->\r\n<title>Empr\u00e9stimo Previnorte: uma ajuda no planejamento financeiro de curto prazo - Previnorte<\/title>\r\n<meta name=\"robots\" content=\"index, follow, max-snippet:-1, max-image-preview:large, max-video-preview:-1\" \/>\r\n<link rel=\"canonical\" href=\"https:\/\/previnorte.com.br\/site2\/emprestimo-previnorte-uma-ajuda-no-planejamento-financeiro-de-curto-prazo\/\" \/>\r\n<meta property=\"og:locale\" content=\"pt_BR\" \/>\r\n<meta property=\"og:type\" content=\"article\" \/>\r\n<meta property=\"og:title\" content=\"Empr\u00e9stimo Previnorte: uma ajuda no planejamento financeiro de curto prazo - Previnorte\" \/>\r\n<meta property=\"og:description\" content=\"A Previnorte est\u00e1 sempre comprometida em oferecer solu\u00e7\u00f5es financeiras adequadas e vantajosas para seus participantes. Por isso, disponibiliza uma linha de cr\u00e9dito exclusiva e com condi\u00e7\u00f5es especiais, que s\u00e3o uma alternativa competitiva em rela\u00e7\u00e3o aos empr\u00e9stimos banc\u00e1rios. Uma solu\u00e7\u00e3o de cr\u00e9dito para o participante Diferentemente das institui\u00e7\u00f5es financeiras tradicionais, onde as taxas de juros podem [&hellip;]\" \/>\r\n<meta property=\"og:url\" content=\"https:\/\/previnorte.com.br\/site2\/emprestimo-previnorte-uma-ajuda-no-planejamento-financeiro-de-curto-prazo\/\" \/>\r\n<meta property=\"og:site_name\" content=\"Previnorte\" \/>\r\n<meta property=\"article:modified_time\" content=\"2024-11-07T19:15:26+00:00\" \/>\r\n<meta property=\"og:image\" content=\"https:\/\/previnorte.com.br\/site2\/wp-content\/uploads\/2024\/10\/dinheiro-29.png\" \/>\r\n\t<meta property=\"og:image:width\" content=\"1280\" \/>\r\n\t<meta property=\"og:image:height\" content=\"500\" \/>\r\n\t<meta property=\"og:image:type\" content=\"image\/png\" \/>\r\n<meta name=\"twitter:card\" content=\"summary_large_image\" \/>\r\n<meta name=\"twitter:label1\" content=\"Est. tempo de leitura\" \/>\n\t<meta name=\"twitter:data1\" content=\"6 minutos\" \/>\r\n<script type=\"application\/ld+json\" class=\"yoast-schema-graph\">{\"@context\":\"https:\/\/schema.org\",\"@graph\":[{\"@type\":\"WebPage\",\"@id\":\"https:\/\/previnorte.com.br\/site2\/emprestimo-previnorte-uma-ajuda-no-planejamento-financeiro-de-curto-prazo\/\",\"url\":\"https:\/\/previnorte.com.br\/site2\/emprestimo-previnorte-uma-ajuda-no-planejamento-financeiro-de-curto-prazo\/\",\"name\":\"Empr\u00e9stimo Previnorte: uma ajuda no planejamento financeiro de curto prazo - Previnorte\",\"isPartOf\":{\"@id\":\"https:\/\/previnorte.com.br\/site2\/#website\"},\"primaryImageOfPage\":{\"@id\":\"https:\/\/previnorte.com.br\/site2\/emprestimo-previnorte-uma-ajuda-no-planejamento-financeiro-de-curto-prazo\/#primaryimage\"},\"image\":{\"@id\":\"https:\/\/previnorte.com.br\/site2\/emprestimo-previnorte-uma-ajuda-no-planejamento-financeiro-de-curto-prazo\/#primaryimage\"},\"thumbnailUrl\":\"https:\/\/previnorte.com.br\/site2\/wp-content\/uploads\/2024\/10\/dinheiro-29.png\",\"datePublished\":\"2024-10-28T18:03:08+00:00\",\"dateModified\":\"2024-11-07T19:15:26+00:00\",\"breadcrumb\":{\"@id\":\"https:\/\/previnorte.com.br\/site2\/emprestimo-previnorte-uma-ajuda-no-planejamento-financeiro-de-curto-prazo\/#breadcrumb\"},\"inLanguage\":\"pt-BR\",\"potentialAction\":[{\"@type\":\"ReadAction\",\"target\":[\"https:\/\/previnorte.com.br\/site2\/emprestimo-previnorte-uma-ajuda-no-planejamento-financeiro-de-curto-prazo\/\"]}]},{\"@type\":\"ImageObject\",\"inLanguage\":\"pt-BR\",\"@id\":\"https:\/\/previnorte.com.br\/site2\/emprestimo-previnorte-uma-ajuda-no-planejamento-financeiro-de-curto-prazo\/#primaryimage\",\"url\":\"https:\/\/previnorte.com.br\/site2\/wp-content\/uploads\/2024\/10\/dinheiro-29.png\",\"contentUrl\":\"https:\/\/previnorte.com.br\/site2\/wp-content\/uploads\/2024\/10\/dinheiro-29.png\",\"width\":1280,\"height\":500},{\"@type\":\"BreadcrumbList\",\"@id\":\"https:\/\/previnorte.com.br\/site2\/emprestimo-previnorte-uma-ajuda-no-planejamento-financeiro-de-curto-prazo\/#breadcrumb\",\"itemListElement\":[{\"@type\":\"ListItem\",\"position\":1,\"name\":\"In\u00edcio\",\"item\":\"https:\/\/previnorte.com.br\/site2\/\"},{\"@type\":\"ListItem\",\"position\":2,\"name\":\"Empr\u00e9stimo Previnorte: uma ajuda no planejamento financeiro de curto prazo\"}]},{\"@type\":\"WebSite\",\"@id\":\"https:\/\/previnorte.com.br\/site2\/#website\",\"url\":\"https:\/\/previnorte.com.br\/site2\/\",\"name\":\"Previnorte\",\"description\":\"Uma entidade fechada de previd\u00eancia complementar,  sem fins lucrativos.\",\"potentialAction\":[{\"@type\":\"SearchAction\",\"target\":{\"@type\":\"EntryPoint\",\"urlTemplate\":\"https:\/\/previnorte.com.br\/site2\/?s={search_term_string}\"},\"query-input\":{\"@type\":\"PropertyValueSpecification\",\"valueRequired\":true,\"valueName\":\"search_term_string\"}}],\"inLanguage\":\"pt-BR\"}]}<\/script>\r\n<!-- \/ Yoast SEO plugin. -->","yoast_head_json":{"title":"Empr\u00e9stimo Previnorte: uma ajuda no planejamento financeiro de curto prazo - Previnorte","robots":{"index":"index","follow":"follow","max-snippet":"max-snippet:-1","max-image-preview":"max-image-preview:large","max-video-preview":"max-video-preview:-1"},"canonical":"https:\/\/previnorte.com.br\/site2\/emprestimo-previnorte-uma-ajuda-no-planejamento-financeiro-de-curto-prazo\/","og_locale":"pt_BR","og_type":"article","og_title":"Empr\u00e9stimo Previnorte: uma ajuda no planejamento financeiro de curto prazo - Previnorte","og_description":"A Previnorte est\u00e1 sempre comprometida em oferecer solu\u00e7\u00f5es financeiras adequadas e vantajosas para seus participantes. Por isso, disponibiliza uma linha de cr\u00e9dito exclusiva e com condi\u00e7\u00f5es especiais, que s\u00e3o uma alternativa competitiva em rela\u00e7\u00e3o aos empr\u00e9stimos banc\u00e1rios. Uma solu\u00e7\u00e3o de cr\u00e9dito para o participante Diferentemente das institui\u00e7\u00f5es financeiras tradicionais, onde as taxas de juros podem [&hellip;]","og_url":"https:\/\/previnorte.com.br\/site2\/emprestimo-previnorte-uma-ajuda-no-planejamento-financeiro-de-curto-prazo\/","og_site_name":"Previnorte","article_modified_time":"2024-11-07T19:15:26+00:00","og_image":[{"width":1280,"height":500,"url":"https:\/\/previnorte.com.br\/site2\/wp-content\/uploads\/2024\/10\/dinheiro-29.png","type":"image\/png"}],"twitter_card":"summary_large_image","twitter_misc":{"Est. tempo de leitura":"6 minutos"},"schema":{"@context":"https:\/\/schema.org","@graph":[{"@type":"WebPage","@id":"https:\/\/previnorte.com.br\/site2\/emprestimo-previnorte-uma-ajuda-no-planejamento-financeiro-de-curto-prazo\/","url":"https:\/\/previnorte.com.br\/site2\/emprestimo-previnorte-uma-ajuda-no-planejamento-financeiro-de-curto-prazo\/","name":"Empr\u00e9stimo Previnorte: uma ajuda no planejamento financeiro de curto prazo - Previnorte","isPartOf":{"@id":"https:\/\/previnorte.com.br\/site2\/#website"},"primaryImageOfPage":{"@id":"https:\/\/previnorte.com.br\/site2\/emprestimo-previnorte-uma-ajuda-no-planejamento-financeiro-de-curto-prazo\/#primaryimage"},"image":{"@id":"https:\/\/previnorte.com.br\/site2\/emprestimo-previnorte-uma-ajuda-no-planejamento-financeiro-de-curto-prazo\/#primaryimage"},"thumbnailUrl":"https:\/\/previnorte.com.br\/site2\/wp-content\/uploads\/2024\/10\/dinheiro-29.png","datePublished":"2024-10-28T18:03:08+00:00","dateModified":"2024-11-07T19:15:26+00:00","breadcrumb":{"@id":"https:\/\/previnorte.com.br\/site2\/emprestimo-previnorte-uma-ajuda-no-planejamento-financeiro-de-curto-prazo\/#breadcrumb"},"inLanguage":"pt-BR","potentialAction":[{"@type":"ReadAction","target":["https:\/\/previnorte.com.br\/site2\/emprestimo-previnorte-uma-ajuda-no-planejamento-financeiro-de-curto-prazo\/"]}]},{"@type":"ImageObject","inLanguage":"pt-BR","@id":"https:\/\/previnorte.com.br\/site2\/emprestimo-previnorte-uma-ajuda-no-planejamento-financeiro-de-curto-prazo\/#primaryimage","url":"https:\/\/previnorte.com.br\/site2\/wp-content\/uploads\/2024\/10\/dinheiro-29.png","contentUrl":"https:\/\/previnorte.com.br\/site2\/wp-content\/uploads\/2024\/10\/dinheiro-29.png","width":1280,"height":500},{"@type":"BreadcrumbList","@id":"https:\/\/previnorte.com.br\/site2\/emprestimo-previnorte-uma-ajuda-no-planejamento-financeiro-de-curto-prazo\/#breadcrumb","itemListElement":[{"@type":"ListItem","position":1,"name":"In\u00edcio","item":"https:\/\/previnorte.com.br\/site2\/"},{"@type":"ListItem","position":2,"name":"Empr\u00e9stimo Previnorte: uma ajuda no planejamento financeiro de curto prazo"}]},{"@type":"WebSite","@id":"https:\/\/previnorte.com.br\/site2\/#website","url":"https:\/\/previnorte.com.br\/site2\/","name":"Previnorte","description":"Uma entidade fechada de previd\u00eancia complementar,  sem fins lucrativos.","potentialAction":[{"@type":"SearchAction","target":{"@type":"EntryPoint","urlTemplate":"https:\/\/previnorte.com.br\/site2\/?s={search_term_string}"},"query-input":{"@type":"PropertyValueSpecification","valueRequired":true,"valueName":"search_term_string"}}],"inLanguage":"pt-BR"}]}},"_links":{"self":[{"href":"https:\/\/previnorte.com.br\/site2\/wp-json\/wp\/v2\/pages\/13902","targetHints":{"allow":["GET"]}}],"collection":[{"href":"https:\/\/previnorte.com.br\/site2\/wp-json\/wp\/v2\/pages"}],"about":[{"href":"https:\/\/previnorte.com.br\/site2\/wp-json\/wp\/v2\/types\/page"}],"author":[{"embeddable":true,"href":"https:\/\/previnorte.com.br\/site2\/wp-json\/wp\/v2\/users\/6"}],"replies":[{"embeddable":true,"href":"https:\/\/previnorte.com.br\/site2\/wp-json\/wp\/v2\/comments?post=13902"}],"version-history":[{"count":21,"href":"https:\/\/previnorte.com.br\/site2\/wp-json\/wp\/v2\/pages\/13902\/revisions"}],"predecessor-version":[{"id":14122,"href":"https:\/\/previnorte.com.br\/site2\/wp-json\/wp\/v2\/pages\/13902\/revisions\/14122"}],"wp:featuredmedia":[{"embeddable":true,"href":"https:\/\/previnorte.com.br\/site2\/wp-json\/wp\/v2\/media\/13934"}],"wp:attachment":[{"href":"https:\/\/previnorte.com.br\/site2\/wp-json\/wp\/v2\/media?parent=13902"}],"curies":[{"name":"wp","href":"https:\/\/api.w.org\/{rel}","templated":true}]}}