{"id":14901,"date":"2025-01-07T15:10:28","date_gmt":"2025-01-07T18:10:28","guid":{"rendered":"https:\/\/previnorte.com.br\/site2\/?page_id=14901"},"modified":"2025-01-07T15:11:13","modified_gmt":"2025-01-07T18:11:13","slug":"giro-de-noticias-2024","status":"publish","type":"page","link":"https:\/\/previnorte.com.br\/site2\/giro-de-noticias-2024\/","title":{"rendered":"Giro de Not\u00edcias 2024"},"content":{"rendered":"\n<p><a href=\"https:\/\/previnorte.com.br\/site2\/wp-content\/uploads\/2024\/12\/Giro-de-noticias-Edicao-125.pdf\">Giro de Not\u00edcias &#8211; 125|2024 &#8211; 26 de dez<\/a><\/p>\n\n\n\n<p><a href=\"https:\/\/previnorte.com.br\/site2\/wp-content\/uploads\/2024\/12\/Giro-de-noticias-Edicao-124.pdf\">Giro de Not\u00edcias &#8211; 124|2024 &#8211; 19 de dez<\/a><\/p>\n\n\n\n<p><a href=\"https:\/\/previnorte.com.br\/site2\/wp-content\/uploads\/2024\/12\/Edicao-123.pdf\">Giro de Not\u00edcias &#8211; 123|2024 &#8211; 12 de dez<\/a><\/p>\n\n\n\n<p><a href=\"https:\/\/previnorte.com.br\/site2\/wp-content\/uploads\/2024\/12\/Giro-Edicao-122.pdf\">Giro de Not\u00edcias &#8211; 122|2024 &#8211; 5 de dez<\/a><\/p>\n\n\n\n<p><a href=\"https:\/\/previnorte.com.br\/site2\/wp-content\/uploads\/2024\/11\/Edicao-121.pdf\">Giro de Not\u00edcias &#8211; 121|2024 &#8211; 29 de nov<\/a><\/p>\n\n\n\n<p><a href=\"https:\/\/previnorte.com.br\/site2\/wp-content\/uploads\/2024\/11\/Giro-de-noticias-Edicao-120.pdf\">Giro de Not\u00edcias &#8211; 120|2024 &#8211; 21 de nov<\/a><\/p>\n\n\n\n<p><a href=\"https:\/\/previnorte.com.br\/site2\/wp-content\/uploads\/2024\/11\/Giro-de-noticias-Edicao-119.pdf\">Giro de Not\u00edcias &#8211; 119|2024 &#8211; 14 de nov<\/a><\/p>\n\n\n\n<p><a href=\"https:\/\/previnorte.com.br\/site2\/wp-content\/uploads\/2024\/11\/Giro-de-noticias-Edicao-118-1.pdf\">Giro de Not\u00edcias &#8211; 118|2024 &#8211; 7 de nov<\/a><\/p>\n\n\n\n<p><a href=\"https:\/\/previnorte.com.br\/site2\/wp-content\/uploads\/2024\/10\/Giro-de-Noticias-Edicao-117.pdf\">Giro de Not\u00edcias &#8211; 117|2024 &#8211; 31 de out<\/a><\/p>\n\n\n\n<p><a href=\"https:\/\/previnorte.com.br\/site2\/wp-content\/uploads\/2024\/10\/Giro-de-noticias-Edicao-116.pdf\">Giro de Not\u00edcias &#8211; 116|2024 &#8211; 24 de out<\/a><\/p>\n\n\n\n<p><a href=\"https:\/\/previnorte.com.br\/site2\/wp-content\/uploads\/2024\/10\/Giro-de-noticias-Edicao-115.pdf\">Giro de Not\u00edcias &#8211; 115|2024 &#8211; 17 de out<\/a><\/p>\n\n\n\n<p><a href=\"https:\/\/previnorte.com.br\/site2\/wp-content\/uploads\/2024\/10\/Giro-de-noticias-Edicao-114.pdf\">Giro de Not\u00edcias &#8211; 114|2024 &#8211; 10 de out<\/a><\/p>\n\n\n\n<p><a href=\"https:\/\/previnorte.com.br\/site2\/wp-content\/uploads\/2024\/10\/Giro-de-noticias-Edicao-113.pdf\">Giro de Not\u00edcias &#8211; 113|2024 &#8211; 3 de out<\/a><\/p>\n\n\n\n<p><a href=\"https:\/\/previnorte.com.br\/site2\/wp-content\/uploads\/2024\/09\/Giro-de-noticias-Edicao-112-vf.pdf\">Giro de Not\u00edcias &#8211; 112|2024 &#8211; 26 de set<\/a><\/p>\n\n\n\n<p><a href=\"https:\/\/previnorte.com.br\/site2\/wp-content\/uploads\/2024\/09\/Giro-de-noticias-Edicao-111.pdf\">Giro de Not\u00edcias &#8211; 111|2024 &#8211; 19 de set<\/a><\/p>\n\n\n\n<p><a href=\"https:\/\/previnorte.com.br\/site2\/wp-content\/uploads\/2024\/09\/Edicao-110.pdf\">Giro de Not\u00edcias &#8211; 110|2024 &#8211; 12 de set<\/a><\/p>\n\n\n\n<p><a href=\"https:\/\/previnorte.com.br\/site2\/wp-content\/uploads\/2024\/09\/Giro-de-noticias-Edicao-109.pdf\">Giro de Not\u00edcias 109|2024 &#8211; 5 de set<\/a><\/p>\n\n\n\n<p><a href=\"https:\/\/previnorte.com.br\/site2\/wp-content\/uploads\/2024\/08\/Giro-de-noticias-Edicao-108.pdf\">Giro de Not\u00edcias 108|2024 &#8211; 30 de ago<\/a><\/p>\n\n\n\n<p><a href=\"https:\/\/previnorte.com.br\/site2\/wp-content\/uploads\/2024\/08\/Edicao-107.pdf\">Giro de Not\u00edcias 107|2024 &#8211; 23 de ago<\/a><\/p>\n\n\n\n<p><a href=\"https:\/\/previnorte.com.br\/site2\/wp-content\/uploads\/2024\/08\/Giro-de-noticias-Edicao-106.pdf\">Giro de Not\u00edcias 106|2024 &#8211; 16 de ago<\/a><\/p>\n\n\n\n<p><a href=\"https:\/\/previnorte.com.br\/site2\/wp-content\/uploads\/2024\/08\/Edicao-105.pdf\">Giro de Not\u00edcias 105|2024 &#8211; 9 de ago<\/a><\/p>\n\n\n\n<p><a href=\"https:\/\/previnorte.com.br\/site2\/wp-content\/uploads\/2024\/08\/Edicao-104.pdf\">Giro de Not\u00edcias 104|2024 &#8211; 2 de ago<\/a><\/p>\n\n\n\n<p><a href=\"https:\/\/previnorte.com.br\/site2\/wp-content\/uploads\/2024\/07\/Edicao-103.pdf\">Giro de Not\u00edcias 103|2024 &#8211; 26 de jul<\/a><\/p>\n\n\n\n<p><a href=\"https:\/\/previnorte.com.br\/site2\/wp-content\/uploads\/2024\/07\/Giro-de-Noticias-Edicao-102.pdf\">Giro de Not\u00edcias 102|2024 &#8211; 19 de jul<\/a><\/p>\n\n\n\n<p><a href=\"https:\/\/previnorte.com.br\/site2\/wp-content\/uploads\/2024\/07\/Edicao-101-Giro-de-Noticias-de-12-7-24.pdf\">Giro de Not\u00edcias 101|2024 &#8211; 12 de jul<\/a><\/p>\n\n\n\n<p><a href=\"https:\/\/previnorte.com.br\/site2\/wp-content\/uploads\/2024\/07\/Edicao-100.pdf\">Giro de Not\u00edcias 100|2024 &#8211; 5 de jul<\/a><\/p>\n\n\n\n<p><a href=\"https:\/\/previnorte.com.br\/site2\/wp-content\/uploads\/2024\/06\/Edicao-99.docx.pdf\">Giro de Not\u00edcias 99|2024 &#8211; 28 de jun<\/a><\/p>\n\n\n\n<p><a href=\"https:\/\/previnorte.com.br\/site2\/wp-content\/uploads\/2024\/06\/Edicao-Especial-Aniversario-de-36-anos-21-6-24.pdf\">Giro de Not\u00edcias &#8211; Edi\u00e7\u00e3o de anivers\u00e1rio &#8211; 21 de jun<\/a><\/p>\n\n\n\n<p><a href=\"https:\/\/previnorte.com.br\/site2\/wp-content\/uploads\/2024\/06\/Edicao-98.pdf\">Giro de Not\u00edcias 98|2024 &#8211; 14 de jun<\/a><\/p>\n\n\n\n<p><a href=\"https:\/\/previnorte.com.br\/site2\/wp-content\/uploads\/2024\/06\/Edicao-97.pdf\">Giro de Not\u00edcias 97|2024 &#8211; 7 de jun<\/a><\/p>\n\n\n\n<p><a href=\"https:\/\/previnorte.com.br\/site2\/wp-content\/uploads\/2024\/05\/Giro-edicao-96.pdf\">Giro de Not\u00edcias 96|2024 &#8211; 31 de mai<\/a><\/p>\n\n\n\n<p><a href=\"https:\/\/previnorte.com.br\/site2\/wp-content\/uploads\/2024\/05\/Giro-edicao-95.pdf\">Giro de Not\u00edcias 95|2024 &#8211; 24 de mai<\/a><\/p>\n\n\n\n<p><a href=\"https:\/\/previnorte.com.br\/site2\/wp-content\/uploads\/2024\/05\/Giro-edicao-94.pdf\">Giro de Not\u00edcias 94|2024 &#8211; 17 de mai<\/a><\/p>\n\n\n\n<p><a href=\"https:\/\/previnorte.com.br\/site2\/wp-content\/uploads\/2024\/05\/Giro-edicao-93.pdf\">Giro de Not\u00edcias 93|2024 &#8211; 10 de mai<\/a><\/p>\n\n\n\n<p><a href=\"https:\/\/previnorte.com.br\/site2\/wp-content\/uploads\/2024\/05\/Giro-de-noticias-Edicao-92.pdf\">Giro de Not\u00edcias 92|2024 &#8211; 3 de mai<\/a><\/p>\n\n\n\n<p><a href=\"https:\/\/previnorte.com.br\/site2\/wp-content\/uploads\/2024\/04\/Giro-edicao-91.pdf\">Giro de Not\u00edcias 91|2024 &#8211; 26 de abr<\/a><\/p>\n\n\n\n<p><a href=\"https:\/\/previnorte.com.br\/site2\/wp-content\/uploads\/2024\/04\/Giro-edicao-90.pdf\">Giro de Not\u00edcias 90|2024 &#8211; 19 de abr<\/a><\/p>\n\n\n\n<p><a href=\"https:\/\/previnorte.com.br\/site2\/wp-content\/uploads\/2024\/04\/Giro-edicao-89.pdf\">Giro de Not\u00edcias 89|2024 &#8211; 12 de abr<\/a><\/p>\n\n\n\n<p><a href=\"https:\/\/previnorte.com.br\/site2\/wp-content\/uploads\/2024\/04\/Giro-edicao-88.pdf\">Giro de Not\u00edcias 88|2024 &#8211; 5 de abr<\/a><\/p>\n\n\n\n<p><a href=\"https:\/\/previnorte.com.br\/site2\/wp-content\/uploads\/2024\/03\/Giro-de-noticias-Edicao-87.pdf\">Giro de Not\u00edcias 87|2024 &#8211; 28 de mar<\/a><\/p>\n\n\n\n<p><a href=\"https:\/\/previnorte.com.br\/site2\/wp-content\/uploads\/2024\/03\/Edicao-86.pdf\">Giro de Not\u00edcias 86|2024 &#8211; 22 de mar<\/a><\/p>\n\n\n\n<p><a href=\"https:\/\/previnorte.com.br\/site2\/wp-content\/uploads\/2024\/03\/Giro-de-noticias-Edicao-85.pdf\">Giro de Not\u00edcias 85|2024 &#8211; 15 de mar<\/a><\/p>\n\n\n\n<p><a href=\"https:\/\/previnorte.com.br\/site2\/wp-content\/uploads\/2024\/03\/Giro-de-noticias-Edicao-84.pdf\">Giro de Not\u00edcias 84|2024 &#8211; 8 de mar<\/a><\/p>\n\n\n\n<p><a href=\"https:\/\/previnorte.com.br\/site2\/wp-content\/uploads\/2024\/03\/Giro-Edicao-83.pdf\">Giro de Not\u00edcias 83|2024 &#8211; 1\u00ba de mar<\/a><\/p>\n\n\n\n<p><a href=\"https:\/\/previnorte.com.br\/site2\/wp-content\/uploads\/2024\/02\/Giro-Edicao-82-1.pdf\">Giro de Not\u00edcias 82|2024 &#8211; 23 de fev<\/a><\/p>\n\n\n\n<p><a href=\"https:\/\/previnorte.com.br\/site2\/wp-content\/uploads\/2024\/02\/Giro-de-noticias-Edicao-81.pdf\">Giro de Not\u00edcias 81|2024 &#8211; 16 de fev<\/a><\/p>\n\n\n\n<p><a href=\"https:\/\/previnorte.com.br\/site2\/wp-content\/uploads\/2024\/02\/Giro-de-noticias-Edicao-80.pdf\">Giro de Not\u00edcias 80|2024 &#8211; 9 de fev<\/a><\/p>\n\n\n\n<p><a href=\"https:\/\/previnorte.com.br\/site2\/wp-content\/uploads\/2024\/02\/Giro-79.pdf\">Giro de Not\u00edcias 79|2024 &#8211; 2 de fev<\/a><\/p>\n\n\n\n<p><a href=\"https:\/\/previnorte.com.br\/site2\/wp-content\/uploads\/2024\/01\/Giro-edicao-78-vf.pdf\">Giro de Not\u00edcias 78|2024 &#8211; 26 de jan<\/a><\/p>\n\n\n\n<p><a href=\"https:\/\/previnorte.com.br\/site2\/wp-content\/uploads\/2024\/01\/Giro-edicao-77.pdf\">Giro de Not\u00edcias 77|2024 &#8211; 19 de jan<\/a><\/p>\n\n\n\n<p><a href=\"https:\/\/previnorte.com.br\/site2\/wp-content\/uploads\/2024\/01\/Giro-Edicao-76.pdf\">Giro de Not\u00edcias 76|2024 &#8211; 12 de jan<\/a><\/p>\n\n\n\n<p><a href=\"https:\/\/previnorte.com.br\/site2\/wp-content\/uploads\/2024\/01\/Giro-de-noticias-Edicao-75.pdf\">Giro de Not\u00edcias 75|2024 &#8211; 5 de jan<\/a><\/p>\n","protected":false},"excerpt":{"rendered":"<p>Giro de Not\u00edcias &#8211; 125|2024 &#8211; 26 de dez Giro de Not\u00edcias &#8211; 124|2024 &#8211; 19 de dez Giro de Not\u00edcias &#8211; 123|2024 &#8211; 12 de dez Giro de Not\u00edcias &#8211; 122|2024 &#8211; 5 de dez Giro de Not\u00edcias &#8211; 121|2024 &#8211; 29 de nov Giro de Not\u00edcias &#8211; 120|2024 &#8211; 21 de nov Giro [&hellip;]<\/p>\n","protected":false},"author":6,"featured_media":0,"parent":0,"menu_order":0,"comment_status":"closed","ping_status":"closed","template":"","meta":{"_acf_changed":false,"om_disable_all_campaigns":false,"_monsterinsights_skip_tracking":false,"_monsterinsights_sitenote_active":false,"_monsterinsights_sitenote_note":"","_monsterinsights_sitenote_category":0,"_uf_show_specific_survey":0,"_uf_disable_surveys":false,"footnotes":""},"class_list":["post-14901","page","type-page","status-publish","hentry"],"acf":[],"aioseo_notices":[],"yoast_head":"<!-- This site is optimized with the Yoast SEO plugin v26.2 - https:\/\/yoast.com\/wordpress\/plugins\/seo\/ -->\r\n<title>Giro de Not\u00edcias 2024 - Previnorte<\/title>\r\n<meta name=\"robots\" content=\"index, follow, max-snippet:-1, max-image-preview:large, max-video-preview:-1\" \/>\r\n<link rel=\"canonical\" href=\"https:\/\/previnorte.com.br\/site2\/giro-de-noticias-2024\/\" \/>\r\n<meta property=\"og:locale\" content=\"pt_BR\" \/>\r\n<meta property=\"og:type\" content=\"article\" \/>\r\n<meta property=\"og:title\" content=\"Giro de Not\u00edcias 2024 - Previnorte\" \/>\r\n<meta property=\"og:description\" content=\"Giro de Not\u00edcias &#8211; 125|2024 &#8211; 26 de dez Giro de Not\u00edcias &#8211; 124|2024 &#8211; 19 de dez Giro de Not\u00edcias &#8211; 123|2024 &#8211; 12 de dez Giro de Not\u00edcias &#8211; 122|2024 &#8211; 5 de dez Giro de Not\u00edcias &#8211; 121|2024 &#8211; 29 de nov Giro de Not\u00edcias &#8211; 120|2024 &#8211; 21 de nov Giro [&hellip;]\" \/>\r\n<meta property=\"og:url\" content=\"https:\/\/previnorte.com.br\/site2\/giro-de-noticias-2024\/\" \/>\r\n<meta property=\"og:site_name\" content=\"Previnorte\" \/>\r\n<meta property=\"article:modified_time\" content=\"2025-01-07T18:11:13+00:00\" \/>\r\n<meta name=\"twitter:card\" content=\"summary_large_image\" \/>\r\n<meta name=\"twitter:label1\" content=\"Est. tempo de leitura\" \/>\n\t<meta name=\"twitter:data1\" content=\"3 minutos\" \/>\r\n<script type=\"application\/ld+json\" class=\"yoast-schema-graph\">{\"@context\":\"https:\/\/schema.org\",\"@graph\":[{\"@type\":\"WebPage\",\"@id\":\"https:\/\/previnorte.com.br\/site2\/giro-de-noticias-2024\/\",\"url\":\"https:\/\/previnorte.com.br\/site2\/giro-de-noticias-2024\/\",\"name\":\"Giro de Not\u00edcias 2024 - Previnorte\",\"isPartOf\":{\"@id\":\"https:\/\/previnorte.com.br\/site2\/#website\"},\"datePublished\":\"2025-01-07T18:10:28+00:00\",\"dateModified\":\"2025-01-07T18:11:13+00:00\",\"breadcrumb\":{\"@id\":\"https:\/\/previnorte.com.br\/site2\/giro-de-noticias-2024\/#breadcrumb\"},\"inLanguage\":\"pt-BR\",\"potentialAction\":[{\"@type\":\"ReadAction\",\"target\":[\"https:\/\/previnorte.com.br\/site2\/giro-de-noticias-2024\/\"]}]},{\"@type\":\"BreadcrumbList\",\"@id\":\"https:\/\/previnorte.com.br\/site2\/giro-de-noticias-2024\/#breadcrumb\",\"itemListElement\":[{\"@type\":\"ListItem\",\"position\":1,\"name\":\"In\u00edcio\",\"item\":\"https:\/\/previnorte.com.br\/site2\/\"},{\"@type\":\"ListItem\",\"position\":2,\"name\":\"Giro de Not\u00edcias 2024\"}]},{\"@type\":\"WebSite\",\"@id\":\"https:\/\/previnorte.com.br\/site2\/#website\",\"url\":\"https:\/\/previnorte.com.br\/site2\/\",\"name\":\"Previnorte\",\"description\":\"Uma entidade fechada de previd\u00eancia complementar,  sem fins lucrativos.\",\"potentialAction\":[{\"@type\":\"SearchAction\",\"target\":{\"@type\":\"EntryPoint\",\"urlTemplate\":\"https:\/\/previnorte.com.br\/site2\/?s={search_term_string}\"},\"query-input\":{\"@type\":\"PropertyValueSpecification\",\"valueRequired\":true,\"valueName\":\"search_term_string\"}}],\"inLanguage\":\"pt-BR\"}]}<\/script>\r\n<!-- \/ Yoast SEO plugin. -->","yoast_head_json":{"title":"Giro de Not\u00edcias 2024 - Previnorte","robots":{"index":"index","follow":"follow","max-snippet":"max-snippet:-1","max-image-preview":"max-image-preview:large","max-video-preview":"max-video-preview:-1"},"canonical":"https:\/\/previnorte.com.br\/site2\/giro-de-noticias-2024\/","og_locale":"pt_BR","og_type":"article","og_title":"Giro de Not\u00edcias 2024 - Previnorte","og_description":"Giro de Not\u00edcias &#8211; 125|2024 &#8211; 26 de dez Giro de Not\u00edcias &#8211; 124|2024 &#8211; 19 de dez Giro de Not\u00edcias &#8211; 123|2024 &#8211; 12 de dez Giro de Not\u00edcias &#8211; 122|2024 &#8211; 5 de dez Giro de Not\u00edcias &#8211; 121|2024 &#8211; 29 de nov Giro de Not\u00edcias &#8211; 120|2024 &#8211; 21 de nov Giro [&hellip;]","og_url":"https:\/\/previnorte.com.br\/site2\/giro-de-noticias-2024\/","og_site_name":"Previnorte","article_modified_time":"2025-01-07T18:11:13+00:00","twitter_card":"summary_large_image","twitter_misc":{"Est. tempo de leitura":"3 minutos"},"schema":{"@context":"https:\/\/schema.org","@graph":[{"@type":"WebPage","@id":"https:\/\/previnorte.com.br\/site2\/giro-de-noticias-2024\/","url":"https:\/\/previnorte.com.br\/site2\/giro-de-noticias-2024\/","name":"Giro de Not\u00edcias 2024 - Previnorte","isPartOf":{"@id":"https:\/\/previnorte.com.br\/site2\/#website"},"datePublished":"2025-01-07T18:10:28+00:00","dateModified":"2025-01-07T18:11:13+00:00","breadcrumb":{"@id":"https:\/\/previnorte.com.br\/site2\/giro-de-noticias-2024\/#breadcrumb"},"inLanguage":"pt-BR","potentialAction":[{"@type":"ReadAction","target":["https:\/\/previnorte.com.br\/site2\/giro-de-noticias-2024\/"]}]},{"@type":"BreadcrumbList","@id":"https:\/\/previnorte.com.br\/site2\/giro-de-noticias-2024\/#breadcrumb","itemListElement":[{"@type":"ListItem","position":1,"name":"In\u00edcio","item":"https:\/\/previnorte.com.br\/site2\/"},{"@type":"ListItem","position":2,"name":"Giro de Not\u00edcias 2024"}]},{"@type":"WebSite","@id":"https:\/\/previnorte.com.br\/site2\/#website","url":"https:\/\/previnorte.com.br\/site2\/","name":"Previnorte","description":"Uma entidade fechada de previd\u00eancia complementar,  sem fins lucrativos.","potentialAction":[{"@type":"SearchAction","target":{"@type":"EntryPoint","urlTemplate":"https:\/\/previnorte.com.br\/site2\/?s={search_term_string}"},"query-input":{"@type":"PropertyValueSpecification","valueRequired":true,"valueName":"search_term_string"}}],"inLanguage":"pt-BR"}]}},"_links":{"self":[{"href":"https:\/\/previnorte.com.br\/site2\/wp-json\/wp\/v2\/pages\/14901","targetHints":{"allow":["GET"]}}],"collection":[{"href":"https:\/\/previnorte.com.br\/site2\/wp-json\/wp\/v2\/pages"}],"about":[{"href":"https:\/\/previnorte.com.br\/site2\/wp-json\/wp\/v2\/types\/page"}],"author":[{"embeddable":true,"href":"https:\/\/previnorte.com.br\/site2\/wp-json\/wp\/v2\/users\/6"}],"replies":[{"embeddable":true,"href":"https:\/\/previnorte.com.br\/site2\/wp-json\/wp\/v2\/comments?post=14901"}],"version-history":[{"count":1,"href":"https:\/\/previnorte.com.br\/site2\/wp-json\/wp\/v2\/pages\/14901\/revisions"}],"predecessor-version":[{"id":14902,"href":"https:\/\/previnorte.com.br\/site2\/wp-json\/wp\/v2\/pages\/14901\/revisions\/14902"}],"wp:attachment":[{"href":"https:\/\/previnorte.com.br\/site2\/wp-json\/wp\/v2\/media?parent=14901"}],"curies":[{"name":"wp","href":"https:\/\/api.w.org\/{rel}","templated":true}]}}