{"id":15568,"date":"2025-03-24T09:28:58","date_gmt":"2025-03-24T12:28:58","guid":{"rendered":"https:\/\/previnorte.com.br\/site2\/?page_id=15568"},"modified":"2025-03-27T09:59:59","modified_gmt":"2025-03-27T12:59:59","slug":"excelencia-fiscal-premiada-previnorte-recebe-classificacao-a-da-receita-federal","status":"publish","type":"page","link":"https:\/\/previnorte.com.br\/site2\/excelencia-fiscal-premiada-previnorte-recebe-classificacao-a-da-receita-federal\/","title":{"rendered":"<strong>Excel\u00eancia fiscal premiada: Previnorte recebe classifica\u00e7\u00e3o &#8220;A+&#8221; da Receita Federal<\/strong>"},"content":{"rendered":"\n<div class=\"wp-block-columns is-layout-flex wp-container-core-columns-is-layout-9d6595d7 wp-block-columns-is-layout-flex\">\n<div class=\"wp-block-column is-layout-flow wp-block-column-is-layout-flow\" style=\"flex-basis:33.33%\"><\/div>\n\n\n\n<div class=\"wp-block-column is-layout-flow wp-block-column-is-layout-flow\" style=\"flex-basis:66.66%\">\n<p><\/p>\n<\/div>\n<\/div>\n\n\n\n<p class=\"has-medium-font-size\">\u00c9 com satisfa\u00e7\u00e3o que anunciamos que a Previnorte foi reconhecida pela Receita Federal com a classifica\u00e7\u00e3o m\u00e1xima \u201cA+\u201d no prestigiado programa Sintonia!<\/p>\n\n\n\n<p class=\"has-medium-font-size\">O projeto piloto do programa foi institu\u00eddo pela Receita Federal no final do m\u00eas de fevereiro deste ano e a Funda\u00e7\u00e3o j\u00e1 recebeu a classifica\u00e7\u00e3o m\u00e1xima. <\/p>\n\n\n\n<p><strong>Sobre a classifica\u00e7\u00e3o A+<\/strong><\/p>\n\n\n\n<p class=\"has-medium-font-size\">O Receita Sintonia \u00e9 um programa de est\u00edmulo \u00e0 conformidade tribut\u00e1ria e aduaneira que tem o objetivo de incentivar os contribuintes a adotarem boas pr\u00e1ticas e regularidade no cumprimento das obriga\u00e7\u00f5es tribut\u00e1rias por meio da concess\u00e3o de benef\u00edcios e tratamento diferenciado \u00e0queles que se classificarem bem nos crit\u00e9rios de conformidade estabelecidos pela Receita Federal.<\/p>\n\n\n\n<p><strong>Benef\u00edcios em receber a classifica\u00e7\u00e3o A+<\/strong><\/p>\n\n\n\n<ul class=\"wp-block-list\">\n<li>direito ao ingresso no Procedimento de Consensualidade Fiscal \u2013 Receita de Consenso;<\/li>\n\n\n\n<li>prioridade na an\u00e1lise de pedidos de restitui\u00e7\u00e3o, ressarcimento ou reembolso de tributos administrados pela Receita;<\/li>\n\n\n\n<li>prioridade na presta\u00e7\u00e3o de servi\u00e7os de atendimento da Receita; e<\/li>\n\n\n\n<li>prioridade na participa\u00e7\u00e3o, mediante solicita\u00e7\u00e3o, em semin\u00e1rios, capacita\u00e7\u00f5es e f\u00f3runs consultivos promovidos pela Receita.<\/li>\n<\/ul>\n\n\n\n<p class=\"has-medium-font-size\">Essas vantagens nos permitir\u00e3o otimizar nossos processos e fortalecer ainda mais a nossa rela\u00e7\u00e3o com a Receita Federal.<\/p>\n\n\n\n<p class=\"has-medium-font-size\">Este reconhecimento demonstra o compromisso da Funda\u00e7\u00e3o com a \u00e9tica e a excel\u00eancia no cumprimento de todas as nossas obriga\u00e7\u00f5es, inclusive tribut\u00e1rias. A conquista nos posiciona em um seleto grupo de empresas que se destacam pela integridade e responsabilidade fiscal e nos impulsionam a construir um futuro ainda mais s\u00f3lido e promissor. <\/p>\n\n\n\n<div style=\"height:24px\" aria-hidden=\"true\" class=\"wp-block-spacer\"><\/div>\n\n\n\n<p class=\"has-small-font-size\">Compartilhe esta mat\u00e9ria:<\/p>\n","protected":false},"excerpt":{"rendered":"<p>\u00c9 com satisfa\u00e7\u00e3o que anunciamos que a Previnorte foi reconhecida pela Receita Federal com a classifica\u00e7\u00e3o m\u00e1xima \u201cA+\u201d no prestigiado programa Sintonia! O projeto piloto do programa foi institu\u00eddo pela Receita Federal no final do m\u00eas de fevereiro deste ano e a Funda\u00e7\u00e3o j\u00e1 recebeu a classifica\u00e7\u00e3o m\u00e1xima. Sobre a classifica\u00e7\u00e3o A+ O Receita Sintonia [&hellip;]<\/p>\n","protected":false},"author":6,"featured_media":15704,"parent":0,"menu_order":0,"comment_status":"closed","ping_status":"closed","template":"","meta":{"_acf_changed":false,"om_disable_all_campaigns":false,"_monsterinsights_skip_tracking":false,"_monsterinsights_sitenote_active":false,"_monsterinsights_sitenote_note":"","_monsterinsights_sitenote_category":0,"_uf_show_specific_survey":0,"_uf_disable_surveys":false,"footnotes":""},"class_list":["post-15568","page","type-page","status-publish","has-post-thumbnail","hentry"],"acf":[],"aioseo_notices":[],"yoast_head":"<!-- This site is optimized with the Yoast SEO plugin v26.2 - https:\/\/yoast.com\/wordpress\/plugins\/seo\/ -->\r\n<title>Excel\u00eancia fiscal premiada: Previnorte recebe classifica\u00e7\u00e3o &quot;A+&quot; da Receita Federal - Previnorte<\/title>\r\n<meta name=\"robots\" content=\"index, follow, max-snippet:-1, max-image-preview:large, max-video-preview:-1\" \/>\r\n<link rel=\"canonical\" href=\"https:\/\/previnorte.com.br\/site2\/excelencia-fiscal-premiada-previnorte-recebe-classificacao-a-da-receita-federal\/\" \/>\r\n<meta property=\"og:locale\" content=\"pt_BR\" \/>\r\n<meta property=\"og:type\" content=\"article\" \/>\r\n<meta property=\"og:title\" content=\"Excel\u00eancia fiscal premiada: Previnorte recebe classifica\u00e7\u00e3o &quot;A+&quot; da Receita Federal - Previnorte\" \/>\r\n<meta property=\"og:description\" content=\"\u00c9 com satisfa\u00e7\u00e3o que anunciamos que a Previnorte foi reconhecida pela Receita Federal com a classifica\u00e7\u00e3o m\u00e1xima \u201cA+\u201d no prestigiado programa Sintonia! O projeto piloto do programa foi institu\u00eddo pela Receita Federal no final do m\u00eas de fevereiro deste ano e a Funda\u00e7\u00e3o j\u00e1 recebeu a classifica\u00e7\u00e3o m\u00e1xima. Sobre a classifica\u00e7\u00e3o A+ O Receita Sintonia [&hellip;]\" \/>\r\n<meta property=\"og:url\" content=\"https:\/\/previnorte.com.br\/site2\/excelencia-fiscal-premiada-previnorte-recebe-classificacao-a-da-receita-federal\/\" \/>\r\n<meta property=\"og:site_name\" content=\"Previnorte\" \/>\r\n<meta property=\"article:modified_time\" content=\"2025-03-27T12:59:59+00:00\" \/>\r\n<meta property=\"og:image\" content=\"https:\/\/previnorte.com.br\/site2\/wp-content\/uploads\/2025\/03\/Banner-site-Previnorte-9.png\" \/>\r\n\t<meta property=\"og:image:width\" content=\"3500\" \/>\r\n\t<meta property=\"og:image:height\" content=\"2500\" \/>\r\n\t<meta property=\"og:image:type\" content=\"image\/png\" \/>\r\n<meta name=\"twitter:card\" content=\"summary_large_image\" \/>\r\n<meta name=\"twitter:label1\" content=\"Est. tempo de leitura\" \/>\n\t<meta name=\"twitter:data1\" content=\"3 minutos\" \/>\r\n<script type=\"application\/ld+json\" class=\"yoast-schema-graph\">{\"@context\":\"https:\/\/schema.org\",\"@graph\":[{\"@type\":\"WebPage\",\"@id\":\"https:\/\/previnorte.com.br\/site2\/excelencia-fiscal-premiada-previnorte-recebe-classificacao-a-da-receita-federal\/\",\"url\":\"https:\/\/previnorte.com.br\/site2\/excelencia-fiscal-premiada-previnorte-recebe-classificacao-a-da-receita-federal\/\",\"name\":\"Excel\u00eancia fiscal premiada: Previnorte recebe classifica\u00e7\u00e3o \\\"A+\\\" da Receita Federal - Previnorte\",\"isPartOf\":{\"@id\":\"https:\/\/previnorte.com.br\/site2\/#website\"},\"primaryImageOfPage\":{\"@id\":\"https:\/\/previnorte.com.br\/site2\/excelencia-fiscal-premiada-previnorte-recebe-classificacao-a-da-receita-federal\/#primaryimage\"},\"image\":{\"@id\":\"https:\/\/previnorte.com.br\/site2\/excelencia-fiscal-premiada-previnorte-recebe-classificacao-a-da-receita-federal\/#primaryimage\"},\"thumbnailUrl\":\"https:\/\/previnorte.com.br\/site2\/wp-content\/uploads\/2025\/03\/Banner-site-Previnorte-9.png\",\"datePublished\":\"2025-03-24T12:28:58+00:00\",\"dateModified\":\"2025-03-27T12:59:59+00:00\",\"breadcrumb\":{\"@id\":\"https:\/\/previnorte.com.br\/site2\/excelencia-fiscal-premiada-previnorte-recebe-classificacao-a-da-receita-federal\/#breadcrumb\"},\"inLanguage\":\"pt-BR\",\"potentialAction\":[{\"@type\":\"ReadAction\",\"target\":[\"https:\/\/previnorte.com.br\/site2\/excelencia-fiscal-premiada-previnorte-recebe-classificacao-a-da-receita-federal\/\"]}]},{\"@type\":\"ImageObject\",\"inLanguage\":\"pt-BR\",\"@id\":\"https:\/\/previnorte.com.br\/site2\/excelencia-fiscal-premiada-previnorte-recebe-classificacao-a-da-receita-federal\/#primaryimage\",\"url\":\"https:\/\/previnorte.com.br\/site2\/wp-content\/uploads\/2025\/03\/Banner-site-Previnorte-9.png\",\"contentUrl\":\"https:\/\/previnorte.com.br\/site2\/wp-content\/uploads\/2025\/03\/Banner-site-Previnorte-9.png\",\"width\":3500,\"height\":2500},{\"@type\":\"BreadcrumbList\",\"@id\":\"https:\/\/previnorte.com.br\/site2\/excelencia-fiscal-premiada-previnorte-recebe-classificacao-a-da-receita-federal\/#breadcrumb\",\"itemListElement\":[{\"@type\":\"ListItem\",\"position\":1,\"name\":\"In\u00edcio\",\"item\":\"https:\/\/previnorte.com.br\/site2\/\"},{\"@type\":\"ListItem\",\"position\":2,\"name\":\"Excel\u00eancia fiscal premiada: Previnorte recebe classifica\u00e7\u00e3o &#8220;A+&#8221; da Receita Federal\"}]},{\"@type\":\"WebSite\",\"@id\":\"https:\/\/previnorte.com.br\/site2\/#website\",\"url\":\"https:\/\/previnorte.com.br\/site2\/\",\"name\":\"Previnorte\",\"description\":\"Uma entidade fechada de previd\u00eancia complementar,  sem fins lucrativos.\",\"potentialAction\":[{\"@type\":\"SearchAction\",\"target\":{\"@type\":\"EntryPoint\",\"urlTemplate\":\"https:\/\/previnorte.com.br\/site2\/?s={search_term_string}\"},\"query-input\":{\"@type\":\"PropertyValueSpecification\",\"valueRequired\":true,\"valueName\":\"search_term_string\"}}],\"inLanguage\":\"pt-BR\"}]}<\/script>\r\n<!-- \/ Yoast SEO plugin. -->","yoast_head_json":{"title":"Excel\u00eancia fiscal premiada: Previnorte recebe classifica\u00e7\u00e3o \"A+\" da Receita Federal - Previnorte","robots":{"index":"index","follow":"follow","max-snippet":"max-snippet:-1","max-image-preview":"max-image-preview:large","max-video-preview":"max-video-preview:-1"},"canonical":"https:\/\/previnorte.com.br\/site2\/excelencia-fiscal-premiada-previnorte-recebe-classificacao-a-da-receita-federal\/","og_locale":"pt_BR","og_type":"article","og_title":"Excel\u00eancia fiscal premiada: Previnorte recebe classifica\u00e7\u00e3o \"A+\" da Receita Federal - Previnorte","og_description":"\u00c9 com satisfa\u00e7\u00e3o que anunciamos que a Previnorte foi reconhecida pela Receita Federal com a classifica\u00e7\u00e3o m\u00e1xima \u201cA+\u201d no prestigiado programa Sintonia! O projeto piloto do programa foi institu\u00eddo pela Receita Federal no final do m\u00eas de fevereiro deste ano e a Funda\u00e7\u00e3o j\u00e1 recebeu a classifica\u00e7\u00e3o m\u00e1xima. Sobre a classifica\u00e7\u00e3o A+ O Receita Sintonia [&hellip;]","og_url":"https:\/\/previnorte.com.br\/site2\/excelencia-fiscal-premiada-previnorte-recebe-classificacao-a-da-receita-federal\/","og_site_name":"Previnorte","article_modified_time":"2025-03-27T12:59:59+00:00","og_image":[{"width":3500,"height":2500,"url":"https:\/\/previnorte.com.br\/site2\/wp-content\/uploads\/2025\/03\/Banner-site-Previnorte-9.png","type":"image\/png"}],"twitter_card":"summary_large_image","twitter_misc":{"Est. tempo de leitura":"3 minutos"},"schema":{"@context":"https:\/\/schema.org","@graph":[{"@type":"WebPage","@id":"https:\/\/previnorte.com.br\/site2\/excelencia-fiscal-premiada-previnorte-recebe-classificacao-a-da-receita-federal\/","url":"https:\/\/previnorte.com.br\/site2\/excelencia-fiscal-premiada-previnorte-recebe-classificacao-a-da-receita-federal\/","name":"Excel\u00eancia fiscal premiada: Previnorte recebe classifica\u00e7\u00e3o \"A+\" da Receita Federal - Previnorte","isPartOf":{"@id":"https:\/\/previnorte.com.br\/site2\/#website"},"primaryImageOfPage":{"@id":"https:\/\/previnorte.com.br\/site2\/excelencia-fiscal-premiada-previnorte-recebe-classificacao-a-da-receita-federal\/#primaryimage"},"image":{"@id":"https:\/\/previnorte.com.br\/site2\/excelencia-fiscal-premiada-previnorte-recebe-classificacao-a-da-receita-federal\/#primaryimage"},"thumbnailUrl":"https:\/\/previnorte.com.br\/site2\/wp-content\/uploads\/2025\/03\/Banner-site-Previnorte-9.png","datePublished":"2025-03-24T12:28:58+00:00","dateModified":"2025-03-27T12:59:59+00:00","breadcrumb":{"@id":"https:\/\/previnorte.com.br\/site2\/excelencia-fiscal-premiada-previnorte-recebe-classificacao-a-da-receita-federal\/#breadcrumb"},"inLanguage":"pt-BR","potentialAction":[{"@type":"ReadAction","target":["https:\/\/previnorte.com.br\/site2\/excelencia-fiscal-premiada-previnorte-recebe-classificacao-a-da-receita-federal\/"]}]},{"@type":"ImageObject","inLanguage":"pt-BR","@id":"https:\/\/previnorte.com.br\/site2\/excelencia-fiscal-premiada-previnorte-recebe-classificacao-a-da-receita-federal\/#primaryimage","url":"https:\/\/previnorte.com.br\/site2\/wp-content\/uploads\/2025\/03\/Banner-site-Previnorte-9.png","contentUrl":"https:\/\/previnorte.com.br\/site2\/wp-content\/uploads\/2025\/03\/Banner-site-Previnorte-9.png","width":3500,"height":2500},{"@type":"BreadcrumbList","@id":"https:\/\/previnorte.com.br\/site2\/excelencia-fiscal-premiada-previnorte-recebe-classificacao-a-da-receita-federal\/#breadcrumb","itemListElement":[{"@type":"ListItem","position":1,"name":"In\u00edcio","item":"https:\/\/previnorte.com.br\/site2\/"},{"@type":"ListItem","position":2,"name":"Excel\u00eancia fiscal premiada: Previnorte recebe classifica\u00e7\u00e3o &#8220;A+&#8221; da Receita Federal"}]},{"@type":"WebSite","@id":"https:\/\/previnorte.com.br\/site2\/#website","url":"https:\/\/previnorte.com.br\/site2\/","name":"Previnorte","description":"Uma entidade fechada de previd\u00eancia complementar,  sem fins lucrativos.","potentialAction":[{"@type":"SearchAction","target":{"@type":"EntryPoint","urlTemplate":"https:\/\/previnorte.com.br\/site2\/?s={search_term_string}"},"query-input":{"@type":"PropertyValueSpecification","valueRequired":true,"valueName":"search_term_string"}}],"inLanguage":"pt-BR"}]}},"_links":{"self":[{"href":"https:\/\/previnorte.com.br\/site2\/wp-json\/wp\/v2\/pages\/15568","targetHints":{"allow":["GET"]}}],"collection":[{"href":"https:\/\/previnorte.com.br\/site2\/wp-json\/wp\/v2\/pages"}],"about":[{"href":"https:\/\/previnorte.com.br\/site2\/wp-json\/wp\/v2\/types\/page"}],"author":[{"embeddable":true,"href":"https:\/\/previnorte.com.br\/site2\/wp-json\/wp\/v2\/users\/6"}],"replies":[{"embeddable":true,"href":"https:\/\/previnorte.com.br\/site2\/wp-json\/wp\/v2\/comments?post=15568"}],"version-history":[{"count":34,"href":"https:\/\/previnorte.com.br\/site2\/wp-json\/wp\/v2\/pages\/15568\/revisions"}],"predecessor-version":[{"id":15739,"href":"https:\/\/previnorte.com.br\/site2\/wp-json\/wp\/v2\/pages\/15568\/revisions\/15739"}],"wp:featuredmedia":[{"embeddable":true,"href":"https:\/\/previnorte.com.br\/site2\/wp-json\/wp\/v2\/media\/15704"}],"wp:attachment":[{"href":"https:\/\/previnorte.com.br\/site2\/wp-json\/wp\/v2\/media?parent=15568"}],"curies":[{"name":"wp","href":"https:\/\/api.w.org\/{rel}","templated":true}]}}