{"id":18606,"date":"2025-11-24T12:15:30","date_gmt":"2025-11-24T15:15:30","guid":{"rendered":"https:\/\/previnorte.com.br\/site2\/?page_id=18606"},"modified":"2026-03-27T11:43:13","modified_gmt":"2026-03-27T14:43:13","slug":"18606-2","status":"publish","type":"page","link":"https:\/\/previnorte.com.br\/site2\/18606-2\/","title":{"rendered":"Conselho Deliberativo da Previnorte aprova incorpora\u00e7\u00e3o \u00e0 EletrobrasPrev"},"content":{"rendered":"\n<p class=\"has-medium-font-size\">Em continuidade \u00e0 reuni\u00e3o iniciada em 24\/11\/2025, no dia 05\/12\/2025, o Conselho Deliberativo da Funda\u00e7\u00e3o decidiu pela aprova\u00e7\u00e3o da incorpora\u00e7\u00e3o da Previnorte pela EletrobrasPrev, nova entidade de previd\u00eancia complementar da Axia Energia (Eletrobras). Na oportunidade, foram aprovados ainda os documentos normativos para o andamento do processo de incorpora\u00e7\u00e3o.<\/p>\n\n\n\n<p class=\"has-medium-font-size\">O tema j\u00e1 vinha sendo avaliado pelo Conselho Deliberativo, conforme materiais amplamente divulgados pela Previnorte nos diversos canais de comunica\u00e7\u00e3o com seus Participantes.<\/p>\n\n\n\n<p class=\"has-pale-cyan-blue-background-color has-background has-medium-font-size\"><strong><strong><strong>Conhe\u00e7a os documentos do processo de incorpora\u00e7\u00e3o da Previnorte<\/strong><\/strong><\/strong><\/p>\n\n\n\n<p class=\"has-medium-font-size\">Os documentos completos do processo est\u00e3o dispon\u00edveis para consulta nos links abaixo. Clique e veja, na \u00edntegra, os documentos do processo de incorpora\u00e7\u00e3o da Previnorte pela EletrobrasPrev:<\/p>\n\n\n\n<ul class=\"wp-block-list\">\n<li class=\"has-medium-font-size\"><a href=\"https:\/\/previnorte.com.br\/site2\/wp-content\/uploads\/2025\/12\/Termo-de-Incorporacao-pos-Previnorte.pdf\">Termo de Incorpora\u00e7\u00e3o da Previnorte<\/a><\/li>\n\n\n\n<li class=\"has-medium-font-size\"><a href=\"https:\/\/previnorte.com.br\/site2\/wp-content\/uploads\/2025\/12\/Relatorio-da-Operacao-PREVINORTE_versaofinal.pdf\">Relat\u00f3rio da Opera\u00e7\u00e3o da Previnorte<\/a><\/li>\n<\/ul>\n\n\n\n<p class=\"has-medium-font-size\">Regulamentos e quadros comparativos:<\/p>\n\n\n\n<p class=\"has-medium-font-size\">\u2022&nbsp;<strong>Plano BD Eletrobras<\/strong>: <a href=\"https:\/\/previnorte.com.br\/site2\/wp-content\/uploads\/2025\/12\/Regulamento-Consolidado-Plano-01-A.pdf\">regulamento<\/a> e <a href=\"https:\/\/previnorte.com.br\/site2\/wp-content\/uploads\/2025\/12\/Quadro-Comparativo-Plano-01-A.pdf\">quadro comparativo<\/a><br>\u2022&nbsp;<strong>Plano CD Eletrobras<\/strong>:&nbsp;<a href=\"https:\/\/previnorte.com.br\/site2\/wp-content\/uploads\/2025\/12\/Regulamento-Consolidado-Plano-01-B.pdf\">regulamento<\/a> e <a href=\"https:\/\/previnorte.com.br\/site2\/wp-content\/uploads\/2025\/12\/Quadro-Comparativo-Plano-01-B.pdf\">quadro comparativo<\/a><br>\u2022&nbsp;<strong>Plano BD Amazonas Energia<\/strong>: <a href=\"https:\/\/previnorte.com.br\/site2\/wp-content\/uploads\/2025\/12\/Regulamento-Consolidado-Plano-02-A.pdf\">regulamento<\/a> e <a href=\"https:\/\/previnorte.com.br\/site2\/wp-content\/uploads\/2025\/12\/Quadro-Comparativo-Plano-02-A.pdf\">quadro comparativo<\/a><br>\u2022&nbsp;<strong>Plano CD Amazonas Energia:<\/strong> <a href=\"https:\/\/previnorte.com.br\/site2\/wp-content\/uploads\/2025\/12\/Regulamento-Consolidado-Plano-02-B.pdf\">regulamento<\/a> e <a href=\"https:\/\/previnorte.com.br\/site2\/wp-content\/uploads\/2025\/12\/Quadro-Comparativo-Plano-02-B.pdf\">quadro comparativo<\/a><br>\u2022&nbsp;<strong>Plano BD Roraima Energia:<\/strong> <a href=\"https:\/\/previnorte.com.br\/site2\/wp-content\/uploads\/2025\/12\/Regulamento-Consolidado-Plano-03-A.pdf\">regulamento <\/a>e <a href=\"https:\/\/previnorte.com.br\/site2\/wp-content\/uploads\/2025\/12\/Quadro-Comparativo-Plano-03-A.pdf\">quadro comparativo&nbsp;<\/a><br>\u2022&nbsp;<strong>Plano <strong>CD Roraima Energia:<\/strong><\/strong>&nbsp;<a href=\"https:\/\/previnorte.com.br\/site2\/wp-content\/uploads\/2025\/12\/Regulamento-Consolidado-Plano-03-B.pdf\">regulamento<\/a> e <a href=\"https:\/\/previnorte.com.br\/site2\/wp-content\/uploads\/2025\/12\/Quadro-Comparativo-Plano-03-B.pdf\">quadro comparativo<\/a> <br>\u2022&nbsp;<strong>Plano PrevInova<\/strong>:&nbsp;<a href=\"https:\/\/previnorte.com.br\/site2\/wp-content\/uploads\/2025\/12\/Regulamento-Consolidado-Plano-PrevInova.pdf\">regulamento<\/a> e <a href=\"https:\/\/previnorte.com.br\/site2\/wp-content\/uploads\/2025\/12\/Quadro-Comparativo-Plano-PrevInova.pdf\">quadro comparativo<\/a><br>\u2022 <strong>Regulamento B\u00e1sico:<\/strong> <a href=\"https:\/\/previnorte.com.br\/site2\/wp-content\/uploads\/2025\/12\/Regulamento-Consolidado-Basico.pdf\">regulamento <\/a>e <a href=\"https:\/\/previnorte.com.br\/site2\/wp-content\/uploads\/2025\/12\/Quadro-Comparativo-Regulamento-Basico.pdf\">quadro comparativo<\/a><\/p>\n\n\n\n<p class=\"has-pale-cyan-blue-background-color has-background has-medium-font-size\"><strong><strong><strong>Entenda o que muda com a Incorpora\u00e7\u00e3o para os participantes<\/strong><\/strong><\/strong><\/p>\n\n\n\n<p class=\"has-medium-font-size\">Na pr\u00e1tica, muda apenas nome de quem administra o plano de previd\u00eancia complementar, conforme o item 3.1 do Termo de Incorpora\u00e7\u00e3o:&nbsp;<em>\u201cA EletrobrasPrev suceder\u00e1 a Previnorte em todos os direitos e obriga\u00e7\u00f5es, sem exce\u00e7\u00e3o, a t\u00edtulo universal e para todos os fins de direito, sem qualquer solu\u00e7\u00e3o de continuidade, com a consequente extin\u00e7\u00e3o da Previnorte, na Data Efetiva, ap\u00f3s todas as formalidades legais.\u201d<\/em><\/p>\n\n\n\n<p class=\"has-medium-font-size\">\u2022 <strong>Planos e direitos preservados:<\/strong> os planos de previd\u00eancia, regulamentos, servi\u00e7os, direitos (ativos e assistidos), compromissos, saldos acumulados e benef\u00edcios contratados permanecem exatamente os mesmos.<\/p>\n\n\n\n<p class=\"has-medium-font-size\">\u2022 <strong>Gest\u00e3o dos Planos de Benef\u00edcios: <\/strong>passam a ser geridos pela EletrobrasPrev (nova Funda\u00e7\u00e3o da Axia Energia) sucedendo a Previnorte em todos os direitos e obriga\u00e7\u00f5es, com o mesmo corpo funcional existente na Previnorte.<\/p>\n\n\n\n<p class=\"has-medium-font-size\">A mudan\u00e7a \u00e9 apenas administrativa e n\u00e3o afeta seus benef\u00edcios ou a seguran\u00e7a e as condi\u00e7\u00f5es estabelecidas nos regulamentos dos planos de benef\u00edcios.<\/p>\n\n\n\n<p class=\"has-pale-cyan-blue-background-color has-background has-medium-font-size\"><strong><strong><strong>Conhe\u00e7a o caminho at\u00e9 a efetiva\u00e7\u00e3o da incorpora\u00e7\u00e3o<\/strong><\/strong><\/strong><\/p>\n\n\n\n<p class=\"has-medium-font-size\">O processo seguir\u00e1 as etapas a seguir:<\/p>\n\n\n\n<ol start=\"1\" class=\"wp-block-list\">\n<li class=\"has-medium-font-size\">Os documentos ficar\u00e3o dispon\u00edveis para consulta p\u00fablica por <strong>30 dias ap\u00f3s esta publica\u00e7\u00e3o<\/strong>.<\/li>\n\n\n\n<li class=\"has-medium-font-size\">A EletrobrasPrev enviar\u00e1 documenta\u00e7\u00e3o necess\u00e1ria para Licenciamento junto \u00e0 Previc (Superintend\u00eancia Nacional de Previd\u00eancia Complementar), que ter\u00e1 <strong>at\u00e9 110 dias \u00fateis<\/strong> para aprova\u00e7\u00e3o ou eventuais pedidos de ajustes.<\/li>\n\n\n\n<li class=\"has-medium-font-size\">Ap\u00f3s aprova\u00e7\u00e3o e publica\u00e7\u00e3o oficial da Previc, inicia-se o prazo de at\u00e9 <strong>180 dias<\/strong> para a efetiva incorpora\u00e7\u00e3o da Previnorte.<\/li>\n<\/ol>\n\n\n\n<p class=\"has-pale-cyan-blue-background-color has-background has-medium-font-size\"><strong><strong><strong>Saiba quais s\u00e3o os ganhos esperados com a incorpora\u00e7\u00e3o da Previnorte<\/strong><\/strong><\/strong><\/p>\n\n\n\n<p class=\"has-medium-font-size\">A incorpora\u00e7\u00e3o faz parte de um projeto maior de otimiza\u00e7\u00e3o das previd\u00eancias da Axia Energia, que engloba outras entidades tais como Eletros, Fachesf, Real Grandeza e Elos. Essa consolida\u00e7\u00e3o busca oferecer aos participantes os seguintes ganhos:<\/p>\n\n\n\n<ul class=\"wp-block-list\">\n<li class=\"has-medium-font-size\"><strong>maior efici\u00eancia na gest\u00e3o<\/strong>;<\/li>\n\n\n\n<li class=\"has-medium-font-size\"><strong>redu\u00e7\u00e3o de custos administrativos<\/strong>;<\/li>\n\n\n\n<li class=\"has-medium-font-size\"><strong>fortalecimento da governan\u00e7a e solidez da nova entidade<\/strong>.<\/li>\n<\/ul>\n\n\n\n<p class=\"has-pale-cyan-blue-background-color has-background has-medium-font-size\"><strong><strong>Quer saber mais informa\u00e7\u00f5es?<\/strong><\/strong><\/p>\n\n\n\n<p class=\"has-medium-font-size\">A Axia Energia mant\u00e9m uma p\u00e1gina com Se\u00e7\u00e3o de Perguntas Frequentes para esclarecer as d\u00favidas sobre o processo de unifica\u00e7\u00e3o das previd\u00eancias. <a href=\"https:\/\/eletrobras.com\/pt\/Paginas\/previdencia_unificada.aspx\"><strong>Clique aqui<\/strong><\/a> para ver.<\/p>\n\n\n\n<p class=\"has-medium-font-size\">A EletrobrasPrev disponibiliza em sua p\u00e1gina informa\u00e7\u00f5es importantes sobre a Entidade, atrav\u00e9s do site <a href=\"https:\/\/eletrobrasprev.com.br\/\">https:\/\/eletrobrasprev.com.br\/<\/a>.<\/p>\n\n\n\n<p class=\"has-medium-font-size\">A Previnorte tamb\u00e9m disponibiliza p\u00e1gina com todo o hist\u00f3rico do projeto, para que nossos participantes possam acompanhar o processo a qualquer tempo. Nos links abaixo, voc\u00ea consegue acompanhar todo o hist\u00f3rico das publica\u00e7\u00f5es relacionadas ao tema:<\/p>\n\n\n\n<ul class=\"wp-block-list\">\n<li><a href=\"https:\/\/previnorte.com.br\/site2\/previnorte-elos-e-eletros-firmaram-acordo-de-cooperacao-tecnica-com-a-eletrobrasprev\/\">Previnorte, Elos e Eletros firmaram acordo de coopera\u00e7\u00e3o t\u00e9cnica com a EletrobrasPrev<\/a> &#8211; Giro de Not\u00edcias 190, de 26\/3\/2026.<\/li>\n\n\n\n<li><a href=\"Live: Resultados 2025 e Desafios 2026\">Live: Resultados 2025 e Desafios 2026<\/a> &#8211; Giro de Not\u00edcias 186, de 26\/2\/2026.<\/li>\n\n\n\n<li><a href=\"https:\/\/previnorte.com.br\/site2\/wp-content\/uploads\/2026\/02\/Comunicado-111-Mandato-dos-Dirigentes-durante-o-processo-de-incorporacao.pdf\">Mandato dos Dirigentes durante o Processo de Incorpora\u00e7\u00e3o<\/a> &#8211; Comunicado 111, de 9\/2\/2026.<\/li>\n\n\n\n<li><a href=\"https:\/\/previnorte.com.br\/site2\/processo-de-incorporacao-da-previnorte-e-protocolado-na-previc\/\">Processo de incorpora\u00e7\u00e3o da Previnorte \u00e9 protocolado na Previc<\/a> &#8211; Giro de Not\u00edcias 179 de 08\/01\/2026<\/li>\n\n\n\n<li><a href=\"https:\/\/www.youtube.com\/watch?v=yXMYvy4NQCQ\">Live da Previnorte sobre Incorpora\u00e7\u00e3o e os desafios da Gest\u00e3o de 12\/12\/2025<\/a>.<\/li>\n\n\n\n<li><a href=\"https:\/\/www.youtube.com\/watch?v=VUdErGflDqs\">Live: Apresenta\u00e7\u00e3o do Patrocinador Instituidor (holding) sobre o Projeto de Otimiza\u00e7\u00e3o das Previd\u00eancias das Empresas Eletrobras (Axia Energia)<\/a>&nbsp;\u2013 Giro de Not\u00edcias 170, de 06\/11\/2025.<\/li>\n\n\n\n<li><a href=\"https:\/\/previnorte.com.br\/site2\/18606-2\/\">Conselho Deliberativo da Previnorte aprova incorpora\u00e7\u00e3o \u00e0 EletrobrasPrev<\/a> &#8211; 05\/12\/2025. <\/li>\n\n\n\n<li><a href=\"https:\/\/previnorte.com.br\/site2\/wp-content\/uploads\/2025\/12\/Comunicado-Participantes-aprovacao-pdf-D4Sign.pdf\">Comunicado do Conselho Deliberativo aos participantes da Previnorte<\/a>&nbsp;\u2013 05\/12\/2025.<\/li>\n\n\n\n<li><a href=\"https:\/\/elos.org.br\/noticia\/conselho-deliberativo-aprova-incorporacao-da-elos-pela-nova-entidade-do-grupo-eletrobras\/\">Conselho Deliberativo da Elos aprova a incorpora\u00e7\u00e3o \u00e0 nova previd\u00eancia da Eletrobras<\/a>&nbsp;\u2013 Giro de Not\u00edcias 164, de 25\/09\/2025;<\/li>\n\n\n\n<li><a href=\"https:\/\/previnorte.com.br\/site2\/wp-content\/uploads\/2025\/09\/Edicao-162-11-set.pdf\">Eletrobras disponibiliza portal para informa\u00e7\u00f5es sobre o Projeto de Otimiza\u00e7\u00e3o das Previd\u00eancias<\/a>&nbsp;\u2013 Giro de Not\u00edcias 162, de 11\/09\/2025;<\/li>\n\n\n\n<li><a href=\"https:\/\/youtu.be\/CWEN-cK_MRY\">Live: Gest\u00e3o, Resultados e Benef\u00edcios<\/a>&nbsp;\u2013 Trecho da live realizada 27\/08\/2025;<\/li>\n\n\n\n<li><a href=\"https:\/\/previnorte.com.br\/site2\/wp-content\/uploads\/2025\/07\/Edicao-153-10-jul.pdf\">Segunda reuni\u00e3o presencial do Grupo de Trabalho do Projeto de Otimiza\u00e7\u00e3o da Previd\u00eancia das Empresas Eletrobras<\/a>&nbsp;\u2013 Giro de Not\u00edcias 153, de 10\/7\/2025;<\/li>\n\n\n\n<li><a href=\"live: Gest%C3%A3o, Resultados e Benef%C3%ADcios\">Live: Gest\u00e3o, Resultados e Benef\u00edcios<\/a>&nbsp;\u2013 Live de 20\/5\/2025;<\/li>\n\n\n\n<li><a href=\"https:\/\/previnorte.com.br\/site2\/previnorte-marca-presenca-em-reuniao-sobre-a-estrutura-da-nova-entidade-da-eletrobras\/\">Representantes da Previnorte participam de encontro promovido pela Eletrobras<\/a>&nbsp;\u2013 Giro de Not\u00edcias 141, de 17\/04\/2025;<\/li>\n\n\n\n<li><a href=\"https:\/\/previnorte.com.br\/site2\/wp-content\/uploads\/2025\/04\/Giro-Edicao-140.pdf\">Eventos do projeto de Otimiza\u00e7\u00e3o da Previd\u00eancia das Empresas Eletrobras<\/a>&nbsp;\u2013&nbsp;Giro de Not\u00edcias 140 de 10\/4\/2025;<\/li>\n\n\n\n<li><a href=\"https:\/\/previnorte.com.br\/site2\/wp-content\/uploads\/2025\/03\/Edicao-136-13-mar.pdf\">Definidos os representantes da Previnorte no Projeto de Otimiza\u00e7\u00e3o da Previd\u00eancia das Empresas Eletrobras<\/a>&nbsp;\u2013&nbsp;Giro de Not\u00edcias 136, de 13\/03\/2025;<\/li>\n\n\n\n<li><a href=\"https:\/\/youtube.com\/live\/gMAtxhD1i-M\">Live: Gest\u00e3o, Resultados e Benef\u00edcios<\/a>&nbsp;\u2013 Live de 19\/02\/2025;<\/li>\n\n\n\n<li><a href=\"https:\/\/previnorte.com.br\/site2\/wp-content\/uploads\/2024\/11\/Edicao-121.pdf\">Ades\u00e3o da Previnorte ao Projeto de Otimiza\u00e7\u00e3o da Previd\u00eancia das Empresas Eletrobras<\/a>&nbsp;\u2013&nbsp;Giro de Not\u00edcias 121, de 29\/11\/2024;<\/li>\n\n\n\n<li><a href=\"live:\">Live \u2013&nbsp;<\/a><a href=\"https:\/\/www.youtube.com\/watch?v=ZgAgMCdede4&amp;t=43s\" target=\"_blank\" rel=\"noreferrer noopener\">Gest\u00e3o, Resultados e Benef\u00edcios<\/a>&nbsp;\u2013 Live de 27\/11\/2024;<\/li>\n\n\n\n<li><a href=\"https:\/\/previnorte.com.br\/site2\/wp-content\/uploads\/2024\/11\/Giro-de-noticias-Edicao-120.pdf\">Previnorte avalia participa\u00e7\u00e3o no Projeto de Otimiza\u00e7\u00e3o da Previd\u00eancia das Empresas Eletrobras<\/a>&nbsp;\u2013 Giro de Not\u00edcias \u2013 Edi\u00e7\u00e3o 120 de 21\/11\/2024.<\/li>\n<\/ul>\n\n\n\n<p class=\"has-medium-font-size\">A equipe da Previnorte est\u00e1 dispon\u00edvel para quaisquer esclarecimentos por meio dos canais de relacionamento:<\/p>\n\n\n\n<ul class=\"wp-block-list\">\n<li class=\"has-medium-font-size\">E-mail: <strong><a href=\"mailto:relacionamento@previnorte.com.br\">relacionamento@previnorte.com.br<\/a><\/strong><\/li>\n\n\n\n<li class=\"has-medium-font-size\">Telefone\/WhatsApp: <strong>0800 941 8966<\/strong><\/li>\n<\/ul>\n\n\n\n<div style=\"height:34px\" aria-hidden=\"true\" class=\"wp-block-spacer\"><\/div>\n\n\n\n<p class=\"has-small-font-size\">Compartilhe esta mat\u00e9ria:<\/p>\n","protected":false},"excerpt":{"rendered":"<p>Em continuidade \u00e0 reuni\u00e3o iniciada em 24\/11\/2025, no dia 05\/12\/2025, o Conselho Deliberativo da Funda\u00e7\u00e3o decidiu pela aprova\u00e7\u00e3o da incorpora\u00e7\u00e3o da Previnorte pela EletrobrasPrev, nova entidade de previd\u00eancia complementar da Axia Energia (Eletrobras). Na oportunidade, foram aprovados ainda os documentos normativos para o andamento do processo de incorpora\u00e7\u00e3o. O tema j\u00e1 vinha sendo avaliado pelo [&hellip;]<\/p>\n","protected":false},"author":7,"featured_media":0,"parent":0,"menu_order":0,"comment_status":"closed","ping_status":"closed","template":"","meta":{"_acf_changed":false,"om_disable_all_campaigns":false,"_monsterinsights_skip_tracking":false,"_monsterinsights_sitenote_active":false,"_monsterinsights_sitenote_note":"","_monsterinsights_sitenote_category":0,"_uf_show_specific_survey":0,"_uf_disable_surveys":false,"footnotes":""},"class_list":["post-18606","page","type-page","status-publish","hentry"],"acf":[],"aioseo_notices":[],"yoast_head":"<!-- This site is optimized with the Yoast SEO plugin v26.2 - https:\/\/yoast.com\/wordpress\/plugins\/seo\/ -->\r\n<title>Conselho Deliberativo da Previnorte aprova incorpora\u00e7\u00e3o \u00e0 EletrobrasPrev - Previnorte<\/title>\r\n<meta name=\"robots\" content=\"index, follow, max-snippet:-1, max-image-preview:large, max-video-preview:-1\" \/>\r\n<link rel=\"canonical\" href=\"https:\/\/previnorte.com.br\/site2\/18606-2\/\" \/>\r\n<meta property=\"og:locale\" content=\"pt_BR\" \/>\r\n<meta property=\"og:type\" content=\"article\" \/>\r\n<meta property=\"og:title\" content=\"Conselho Deliberativo da Previnorte aprova incorpora\u00e7\u00e3o \u00e0 EletrobrasPrev - Previnorte\" \/>\r\n<meta property=\"og:description\" content=\"Em continuidade \u00e0 reuni\u00e3o iniciada em 24\/11\/2025, no dia 05\/12\/2025, o Conselho Deliberativo da Funda\u00e7\u00e3o decidiu pela aprova\u00e7\u00e3o da incorpora\u00e7\u00e3o da Previnorte pela EletrobrasPrev, nova entidade de previd\u00eancia complementar da Axia Energia (Eletrobras). Na oportunidade, foram aprovados ainda os documentos normativos para o andamento do processo de incorpora\u00e7\u00e3o. O tema j\u00e1 vinha sendo avaliado pelo [&hellip;]\" \/>\r\n<meta property=\"og:url\" content=\"https:\/\/previnorte.com.br\/site2\/18606-2\/\" \/>\r\n<meta property=\"og:site_name\" content=\"Previnorte\" \/>\r\n<meta property=\"article:modified_time\" content=\"2026-03-27T14:43:13+00:00\" \/>\r\n<meta name=\"twitter:card\" content=\"summary_large_image\" \/>\r\n<meta name=\"twitter:label1\" content=\"Est. tempo de leitura\" \/>\n\t<meta name=\"twitter:data1\" content=\"5 minutos\" \/>\r\n<script type=\"application\/ld+json\" class=\"yoast-schema-graph\">{\"@context\":\"https:\/\/schema.org\",\"@graph\":[{\"@type\":\"WebPage\",\"@id\":\"https:\/\/previnorte.com.br\/site2\/18606-2\/\",\"url\":\"https:\/\/previnorte.com.br\/site2\/18606-2\/\",\"name\":\"Conselho Deliberativo da Previnorte aprova incorpora\u00e7\u00e3o \u00e0 EletrobrasPrev - Previnorte\",\"isPartOf\":{\"@id\":\"https:\/\/previnorte.com.br\/site2\/#website\"},\"datePublished\":\"2025-11-24T15:15:30+00:00\",\"dateModified\":\"2026-03-27T14:43:13+00:00\",\"breadcrumb\":{\"@id\":\"https:\/\/previnorte.com.br\/site2\/18606-2\/#breadcrumb\"},\"inLanguage\":\"pt-BR\",\"potentialAction\":[{\"@type\":\"ReadAction\",\"target\":[\"https:\/\/previnorte.com.br\/site2\/18606-2\/\"]}]},{\"@type\":\"BreadcrumbList\",\"@id\":\"https:\/\/previnorte.com.br\/site2\/18606-2\/#breadcrumb\",\"itemListElement\":[{\"@type\":\"ListItem\",\"position\":1,\"name\":\"In\u00edcio\",\"item\":\"https:\/\/previnorte.com.br\/site2\/\"},{\"@type\":\"ListItem\",\"position\":2,\"name\":\"Conselho Deliberativo da Previnorte aprova incorpora\u00e7\u00e3o \u00e0 EletrobrasPrev\"}]},{\"@type\":\"WebSite\",\"@id\":\"https:\/\/previnorte.com.br\/site2\/#website\",\"url\":\"https:\/\/previnorte.com.br\/site2\/\",\"name\":\"Previnorte\",\"description\":\"Uma entidade fechada de previd\u00eancia complementar,  sem fins lucrativos.\",\"potentialAction\":[{\"@type\":\"SearchAction\",\"target\":{\"@type\":\"EntryPoint\",\"urlTemplate\":\"https:\/\/previnorte.com.br\/site2\/?s={search_term_string}\"},\"query-input\":{\"@type\":\"PropertyValueSpecification\",\"valueRequired\":true,\"valueName\":\"search_term_string\"}}],\"inLanguage\":\"pt-BR\"}]}<\/script>\r\n<!-- \/ Yoast SEO plugin. -->","yoast_head_json":{"title":"Conselho Deliberativo da Previnorte aprova incorpora\u00e7\u00e3o \u00e0 EletrobrasPrev - Previnorte","robots":{"index":"index","follow":"follow","max-snippet":"max-snippet:-1","max-image-preview":"max-image-preview:large","max-video-preview":"max-video-preview:-1"},"canonical":"https:\/\/previnorte.com.br\/site2\/18606-2\/","og_locale":"pt_BR","og_type":"article","og_title":"Conselho Deliberativo da Previnorte aprova incorpora\u00e7\u00e3o \u00e0 EletrobrasPrev - Previnorte","og_description":"Em continuidade \u00e0 reuni\u00e3o iniciada em 24\/11\/2025, no dia 05\/12\/2025, o Conselho Deliberativo da Funda\u00e7\u00e3o decidiu pela aprova\u00e7\u00e3o da incorpora\u00e7\u00e3o da Previnorte pela EletrobrasPrev, nova entidade de previd\u00eancia complementar da Axia Energia (Eletrobras). Na oportunidade, foram aprovados ainda os documentos normativos para o andamento do processo de incorpora\u00e7\u00e3o. O tema j\u00e1 vinha sendo avaliado pelo [&hellip;]","og_url":"https:\/\/previnorte.com.br\/site2\/18606-2\/","og_site_name":"Previnorte","article_modified_time":"2026-03-27T14:43:13+00:00","twitter_card":"summary_large_image","twitter_misc":{"Est. tempo de leitura":"5 minutos"},"schema":{"@context":"https:\/\/schema.org","@graph":[{"@type":"WebPage","@id":"https:\/\/previnorte.com.br\/site2\/18606-2\/","url":"https:\/\/previnorte.com.br\/site2\/18606-2\/","name":"Conselho Deliberativo da Previnorte aprova incorpora\u00e7\u00e3o \u00e0 EletrobrasPrev - Previnorte","isPartOf":{"@id":"https:\/\/previnorte.com.br\/site2\/#website"},"datePublished":"2025-11-24T15:15:30+00:00","dateModified":"2026-03-27T14:43:13+00:00","breadcrumb":{"@id":"https:\/\/previnorte.com.br\/site2\/18606-2\/#breadcrumb"},"inLanguage":"pt-BR","potentialAction":[{"@type":"ReadAction","target":["https:\/\/previnorte.com.br\/site2\/18606-2\/"]}]},{"@type":"BreadcrumbList","@id":"https:\/\/previnorte.com.br\/site2\/18606-2\/#breadcrumb","itemListElement":[{"@type":"ListItem","position":1,"name":"In\u00edcio","item":"https:\/\/previnorte.com.br\/site2\/"},{"@type":"ListItem","position":2,"name":"Conselho Deliberativo da Previnorte aprova incorpora\u00e7\u00e3o \u00e0 EletrobrasPrev"}]},{"@type":"WebSite","@id":"https:\/\/previnorte.com.br\/site2\/#website","url":"https:\/\/previnorte.com.br\/site2\/","name":"Previnorte","description":"Uma entidade fechada de previd\u00eancia complementar,  sem fins lucrativos.","potentialAction":[{"@type":"SearchAction","target":{"@type":"EntryPoint","urlTemplate":"https:\/\/previnorte.com.br\/site2\/?s={search_term_string}"},"query-input":{"@type":"PropertyValueSpecification","valueRequired":true,"valueName":"search_term_string"}}],"inLanguage":"pt-BR"}]}},"_links":{"self":[{"href":"https:\/\/previnorte.com.br\/site2\/wp-json\/wp\/v2\/pages\/18606","targetHints":{"allow":["GET"]}}],"collection":[{"href":"https:\/\/previnorte.com.br\/site2\/wp-json\/wp\/v2\/pages"}],"about":[{"href":"https:\/\/previnorte.com.br\/site2\/wp-json\/wp\/v2\/types\/page"}],"author":[{"embeddable":true,"href":"https:\/\/previnorte.com.br\/site2\/wp-json\/wp\/v2\/users\/7"}],"replies":[{"embeddable":true,"href":"https:\/\/previnorte.com.br\/site2\/wp-json\/wp\/v2\/comments?post=18606"}],"version-history":[{"count":77,"href":"https:\/\/previnorte.com.br\/site2\/wp-json\/wp\/v2\/pages\/18606\/revisions"}],"predecessor-version":[{"id":20280,"href":"https:\/\/previnorte.com.br\/site2\/wp-json\/wp\/v2\/pages\/18606\/revisions\/20280"}],"wp:attachment":[{"href":"https:\/\/previnorte.com.br\/site2\/wp-json\/wp\/v2\/media?parent=18606"}],"curies":[{"name":"wp","href":"https:\/\/api.w.org\/{rel}","templated":true}]}}