{"id":37,"date":"2020-12-30T11:04:29","date_gmt":"2020-12-30T14:04:29","guid":{"rendered":"http:\/\/previnorte.local\/?page_id=37"},"modified":"2025-12-26T10:08:21","modified_gmt":"2025-12-26T13:08:21","slug":"programa-de-integridade","status":"publish","type":"page","link":"https:\/\/previnorte.com.br\/site2\/programa-de-integridade\/","title":{"rendered":"Programa de Integridade"},"content":{"rendered":"\n<h2 class=\"wp-block-heading has-large-font-size\">Conhe\u00e7a o Programa<\/h2>\n\n\n\n<p><\/p>\n\n\n\n<hr class=\"wp-block-separator has-alpha-channel-opacity\"\/>\n\n\n\n<p>O Programa de Integridade da Previnorte consiste em um conjunto de pol\u00edticas e medidas pautados em princ\u00edpios e instrumentos que envolvem comportamento \u00e9tico, governan\u00e7a e controle de riscos. <\/p>\n\n\n\n<p><strong>O objetivo \u00e9 evitar pr\u00e1ticas il\u00edcitas e irregulares que possam expor ao risco o patrim\u00f4nio dos participantes e a imagem da Funda\u00e7\u00e3o<\/strong>. <\/p>\n\n\n\n<p><\/p>\n","protected":false},"excerpt":{"rendered":"<p>Conhe\u00e7a o Programa O Programa de Integridade da Previnorte consiste em um conjunto de pol\u00edticas e medidas pautados em princ\u00edpios e instrumentos que envolvem comportamento \u00e9tico, governan\u00e7a e controle de riscos. O objetivo \u00e9 evitar pr\u00e1ticas il\u00edcitas e irregulares que possam expor ao risco o patrim\u00f4nio dos participantes e a imagem da Funda\u00e7\u00e3o.<\/p>\n","protected":false},"author":2,"featured_media":0,"parent":0,"menu_order":0,"comment_status":"closed","ping_status":"closed","template":"page-integrity.php","meta":{"_acf_changed":false,"om_disable_all_campaigns":false,"_monsterinsights_skip_tracking":false,"_monsterinsights_sitenote_active":false,"_monsterinsights_sitenote_note":"","_monsterinsights_sitenote_category":0,"_uf_show_specific_survey":0,"_uf_disable_surveys":false,"footnotes":""},"class_list":["post-37","page","type-page","status-publish","hentry"],"acf":[],"aioseo_notices":[],"yoast_head":"<!-- This site is optimized with the Yoast SEO plugin v26.2 - https:\/\/yoast.com\/wordpress\/plugins\/seo\/ -->\r\n<title>Programa de Integridade - Previnorte<\/title>\r\n<meta name=\"robots\" content=\"index, follow, max-snippet:-1, max-image-preview:large, max-video-preview:-1\" \/>\r\n<link rel=\"canonical\" href=\"https:\/\/previnorte.com.br\/site2\/programa-de-integridade\/\" \/>\r\n<meta property=\"og:locale\" content=\"pt_BR\" \/>\r\n<meta property=\"og:type\" content=\"article\" \/>\r\n<meta property=\"og:title\" content=\"Programa de Integridade - Previnorte\" \/>\r\n<meta property=\"og:description\" content=\"Conhe\u00e7a o Programa O Programa de Integridade da Previnorte consiste em um conjunto de pol\u00edticas e medidas pautados em princ\u00edpios e instrumentos que envolvem comportamento \u00e9tico, governan\u00e7a e controle de riscos. O objetivo \u00e9 evitar pr\u00e1ticas il\u00edcitas e irregulares que possam expor ao risco o patrim\u00f4nio dos participantes e a imagem da Funda\u00e7\u00e3o.\" \/>\r\n<meta property=\"og:url\" content=\"https:\/\/previnorte.com.br\/site2\/programa-de-integridade\/\" \/>\r\n<meta property=\"og:site_name\" content=\"Previnorte\" \/>\r\n<meta property=\"article:modified_time\" content=\"2025-12-26T13:08:21+00:00\" \/>\r\n<meta name=\"twitter:card\" content=\"summary_large_image\" \/>\r\n<meta name=\"twitter:label1\" content=\"Est. tempo de leitura\" \/>\n\t<meta name=\"twitter:data1\" content=\"1 minuto\" \/>\r\n<script type=\"application\/ld+json\" class=\"yoast-schema-graph\">{\"@context\":\"https:\/\/schema.org\",\"@graph\":[{\"@type\":\"WebPage\",\"@id\":\"https:\/\/previnorte.com.br\/site2\/programa-de-integridade\/\",\"url\":\"https:\/\/previnorte.com.br\/site2\/programa-de-integridade\/\",\"name\":\"Programa de Integridade - Previnorte\",\"isPartOf\":{\"@id\":\"https:\/\/previnorte.com.br\/site2\/#website\"},\"datePublished\":\"2020-12-30T14:04:29+00:00\",\"dateModified\":\"2025-12-26T13:08:21+00:00\",\"breadcrumb\":{\"@id\":\"https:\/\/previnorte.com.br\/site2\/programa-de-integridade\/#breadcrumb\"},\"inLanguage\":\"pt-BR\",\"potentialAction\":[{\"@type\":\"ReadAction\",\"target\":[\"https:\/\/previnorte.com.br\/site2\/programa-de-integridade\/\"]}]},{\"@type\":\"BreadcrumbList\",\"@id\":\"https:\/\/previnorte.com.br\/site2\/programa-de-integridade\/#breadcrumb\",\"itemListElement\":[{\"@type\":\"ListItem\",\"position\":1,\"name\":\"In\u00edcio\",\"item\":\"https:\/\/previnorte.com.br\/site2\/\"},{\"@type\":\"ListItem\",\"position\":2,\"name\":\"Programa de Integridade\"}]},{\"@type\":\"WebSite\",\"@id\":\"https:\/\/previnorte.com.br\/site2\/#website\",\"url\":\"https:\/\/previnorte.com.br\/site2\/\",\"name\":\"Previnorte\",\"description\":\"Uma entidade fechada de previd\u00eancia complementar,  sem fins lucrativos.\",\"potentialAction\":[{\"@type\":\"SearchAction\",\"target\":{\"@type\":\"EntryPoint\",\"urlTemplate\":\"https:\/\/previnorte.com.br\/site2\/?s={search_term_string}\"},\"query-input\":{\"@type\":\"PropertyValueSpecification\",\"valueRequired\":true,\"valueName\":\"search_term_string\"}}],\"inLanguage\":\"pt-BR\"}]}<\/script>\r\n<!-- \/ Yoast SEO plugin. -->","yoast_head_json":{"title":"Programa de Integridade - Previnorte","robots":{"index":"index","follow":"follow","max-snippet":"max-snippet:-1","max-image-preview":"max-image-preview:large","max-video-preview":"max-video-preview:-1"},"canonical":"https:\/\/previnorte.com.br\/site2\/programa-de-integridade\/","og_locale":"pt_BR","og_type":"article","og_title":"Programa de Integridade - Previnorte","og_description":"Conhe\u00e7a o Programa O Programa de Integridade da Previnorte consiste em um conjunto de pol\u00edticas e medidas pautados em princ\u00edpios e instrumentos que envolvem comportamento \u00e9tico, governan\u00e7a e controle de riscos. O objetivo \u00e9 evitar pr\u00e1ticas il\u00edcitas e irregulares que possam expor ao risco o patrim\u00f4nio dos participantes e a imagem da Funda\u00e7\u00e3o.","og_url":"https:\/\/previnorte.com.br\/site2\/programa-de-integridade\/","og_site_name":"Previnorte","article_modified_time":"2025-12-26T13:08:21+00:00","twitter_card":"summary_large_image","twitter_misc":{"Est. tempo de leitura":"1 minuto"},"schema":{"@context":"https:\/\/schema.org","@graph":[{"@type":"WebPage","@id":"https:\/\/previnorte.com.br\/site2\/programa-de-integridade\/","url":"https:\/\/previnorte.com.br\/site2\/programa-de-integridade\/","name":"Programa de Integridade - Previnorte","isPartOf":{"@id":"https:\/\/previnorte.com.br\/site2\/#website"},"datePublished":"2020-12-30T14:04:29+00:00","dateModified":"2025-12-26T13:08:21+00:00","breadcrumb":{"@id":"https:\/\/previnorte.com.br\/site2\/programa-de-integridade\/#breadcrumb"},"inLanguage":"pt-BR","potentialAction":[{"@type":"ReadAction","target":["https:\/\/previnorte.com.br\/site2\/programa-de-integridade\/"]}]},{"@type":"BreadcrumbList","@id":"https:\/\/previnorte.com.br\/site2\/programa-de-integridade\/#breadcrumb","itemListElement":[{"@type":"ListItem","position":1,"name":"In\u00edcio","item":"https:\/\/previnorte.com.br\/site2\/"},{"@type":"ListItem","position":2,"name":"Programa de Integridade"}]},{"@type":"WebSite","@id":"https:\/\/previnorte.com.br\/site2\/#website","url":"https:\/\/previnorte.com.br\/site2\/","name":"Previnorte","description":"Uma entidade fechada de previd\u00eancia complementar,  sem fins lucrativos.","potentialAction":[{"@type":"SearchAction","target":{"@type":"EntryPoint","urlTemplate":"https:\/\/previnorte.com.br\/site2\/?s={search_term_string}"},"query-input":{"@type":"PropertyValueSpecification","valueRequired":true,"valueName":"search_term_string"}}],"inLanguage":"pt-BR"}]}},"_links":{"self":[{"href":"https:\/\/previnorte.com.br\/site2\/wp-json\/wp\/v2\/pages\/37","targetHints":{"allow":["GET"]}}],"collection":[{"href":"https:\/\/previnorte.com.br\/site2\/wp-json\/wp\/v2\/pages"}],"about":[{"href":"https:\/\/previnorte.com.br\/site2\/wp-json\/wp\/v2\/types\/page"}],"author":[{"embeddable":true,"href":"https:\/\/previnorte.com.br\/site2\/wp-json\/wp\/v2\/users\/2"}],"replies":[{"embeddable":true,"href":"https:\/\/previnorte.com.br\/site2\/wp-json\/wp\/v2\/comments?post=37"}],"version-history":[{"count":23,"href":"https:\/\/previnorte.com.br\/site2\/wp-json\/wp\/v2\/pages\/37\/revisions"}],"predecessor-version":[{"id":19426,"href":"https:\/\/previnorte.com.br\/site2\/wp-json\/wp\/v2\/pages\/37\/revisions\/19426"}],"wp:attachment":[{"href":"https:\/\/previnorte.com.br\/site2\/wp-json\/wp\/v2\/media?parent=37"}],"curies":[{"name":"wp","href":"https:\/\/api.w.org\/{rel}","templated":true}]}}