{"id":4576,"date":"2022-07-28T17:35:01","date_gmt":"2022-07-28T20:35:01","guid":{"rendered":"https:\/\/previnorte.com.br\/site2\/?page_id=4576"},"modified":"2026-04-23T17:06:08","modified_gmt":"2026-04-23T20:06:08","slug":"giro-de-noticias","status":"publish","type":"page","link":"https:\/\/previnorte.com.br\/site2\/giro-de-noticias\/","title":{"rendered":"Giro de Not\u00edcias"},"content":{"rendered":"\n<p class=\"has-medium-font-size\"><a href=\"https:\/\/previnorte.com.br\/site2\/wp-content\/uploads\/2026\/04\/Edicao-194-23-ABR.pdf\">Giro de Not\u00edcias 194 | 2026 &#8211; 23 de abr<\/a> &#8211; Resultado dos planos foi positivo no \u00faltimo m\u00eas, apesar das turbul\u00eancias no mercado<\/p>\n\n\n\n<p class=\"has-medium-font-size\"><a href=\"https:\/\/previnorte.com.br\/site2\/wp-content\/uploads\/2026\/04\/Edicao-193-16-ABR.pdf\">Giro de Not\u00edcias 193 | 2026 &#8211; 16 de abr<\/a> &#8211; Escolher bem o prazo do benef\u00edcio faz diferen\u00e7a no futuro<\/p>\n\n\n\n<p class=\"has-medium-font-size\"><a href=\"https:\/\/previnorte.com.br\/site2\/wp-content\/uploads\/2026\/04\/Edicao-192-9-ABR.pdf\">Giro de Not\u00edcias 192 | 2026 &#8211; 9 de abr<\/a> &#8211; Presidente e vice-presidente do Conselho Deliberativo foram reconduzidos aos cargos.<\/p>\n\n\n\n<p class=\"has-medium-font-size\"><a href=\"https:\/\/previnorte.com.br\/site2\/wp-content\/uploads\/2026\/04\/Edicao-191-2-ABR.pdf\">Giro de Not\u00edcias 191 | 2026 &#8211; 2 de abr<\/a> &#8211; Continuidade da gest\u00e3o: Previnorte oficializa posse dos dirigentes at\u00e9 abril de 2027.<\/p>\n\n\n\n<p class=\"has-medium-font-size\"><a href=\"https:\/\/previnorte.com.br\/site2\/wp-content\/uploads\/2026\/03\/Edicao-190-26-MAR.pdf\">Giro de Not\u00edcias 190 | 2026 &#8211; 26 de mar<\/a> &#8211; Efici\u00eancia que rende: Previnorte reduz taxas na busca de mais rentabilidade para voc\u00ea<\/p>\n\n\n\n<p class=\"has-medium-font-size\"><a href=\"https:\/\/previnorte.com.br\/site2\/wp-content\/uploads\/2026\/03\/Edicao-189-19-MAR.pdf\">Giro de Not\u00edcias 189 | 2026 &#8211; 19 de mar<\/a> &#8211; Parceria pioneira entre a Previnorte e a Elos \u00e9 destaque em revista especializada<\/p>\n\n\n\n<p class=\"has-medium-font-size\"><a href=\"https:\/\/previnorte.com.br\/site2\/wp-content\/uploads\/2026\/03\/Edicao-187-12-MAR.pdf\">Giro de Not\u00edcias 188 | 2026 &#8211; 12 de mar<\/a> &#8211; Solicitar o seu benef\u00edcio na Previnorte \u00e9 simples!<\/p>\n\n\n\n<p class=\"has-medium-font-size\"><a href=\"https:\/\/previnorte.com.br\/site2\/wp-content\/uploads\/2026\/03\/Edicao-187-5-MAR.pdf\">Giro de Not\u00edcias 187 | 2026 &#8211; 5 de mar<\/a> &#8211; Quer entender os resultados dos investimentos no \u00faltimo ano? Assista ao trecho da nossa <em>live<\/em>!<\/p>\n\n\n\n<p class=\"has-medium-font-size\"><a href=\"https:\/\/previnorte.com.br\/site2\/wp-content\/uploads\/2026\/02\/Edicao-186-26-FEV.pdf\">Giro de Not\u00edcias 186 | 2026 &#8211; 26 de fev<\/a> &#8211; Previnorte publica Relat\u00f3rio de Gest\u00e3o de 2025, evidenciando transpar\u00eancia e boas pr\u00e1ticas.<\/p>\n\n\n\n<p class=\"has-medium-font-size\"><a href=\"https:\/\/previnorte.com.br\/site2\/wp-content\/uploads\/2026\/02\/Edicao-185-19-FEV.pdf\">Giro de Not\u00edcias 185 | 2026 &#8211; 19 de fev<\/a> &#8211; Balan\u00e7o de 2025 \u00e9 aprovado pelo Conselho Deliberativo<\/p>\n\n\n\n<p class=\"has-medium-font-size\"><a href=\"https:\/\/previnorte.com.br\/site2\/wp-content\/uploads\/2026\/02\/Edicao-184-12-FEV.pdf\">Giro de Not\u00edcias 184 | 2026 &#8211; 12 de fev<\/a> &#8211; Mandatos dos Dirigentes durante o processo de Incorpora\u00e7\u00e3o<\/p>\n\n\n\n<p class=\"has-medium-font-size\"><a href=\"https:\/\/previnorte.com.br\/site2\/wp-content\/uploads\/2026\/02\/Edicao-183-05-FEV.pdf\">Giro de Not\u00edcias 183 | 2026 &#8211; 5 de fev<\/a> &#8211; Parceria: Aposen e Previnorte esclarecem sobre a 4\u00aa distribui\u00e7\u00e3o de super\u00e1vit do Plano 01-A<\/p>\n\n\n\n<p class=\"has-medium-font-size\"><a href=\"https:\/\/previnorte.com.br\/site2\/wp-content\/uploads\/2026\/01\/Edicao-182-Giro-de-Noticias.pdf\">Giro de Not\u00edcias 182 | 2026 &#8211; 29 de jan<\/a> &#8211; Responda a pesquisa de satisfa\u00e7\u00e3o dispon\u00edvel no site e avalie nossos servi\u00e7os<\/p>\n\n\n\n<p class=\"has-medium-font-size\"><a href=\"https:\/\/previnorte.com.br\/site2\/wp-content\/uploads\/2026\/01\/Edicao-181-22-JAN.pdf\">Giro de Not\u00edcias &#8211; 181 | 2026 &#8211; 22 de jan<\/a> &#8211; Em 2025, mais uma vez, todos os planos superaram suas metas!<\/p>\n\n\n\n<p class=\"has-medium-font-size\"><a href=\"https:\/\/previnorte.com.br\/site2\/wp-content\/uploads\/2026\/01\/Edicao-180-15-JAN.pdf\">Giro de Not\u00edcias &#8211; 180 | 2026 &#8211; 15 de jan<\/a> &#8211; Por que o resultado das cotas dos planos de benef\u00edcios nem sempre bate o CDI?<\/p>\n\n\n\n<p class=\"has-medium-font-size\"><a href=\"https:\/\/previnorte.com.br\/site2\/wp-content\/uploads\/2026\/01\/Edicao-179-8-JAN.pdf\">Giro de Not\u00edcias &#8211; 179 | 2026 &#8211; 08 de jan<\/a> &#8211; Processo de incorpora\u00e7\u00e3o da Previnorte \u00e9 protocolado na Previc<\/p>\n\n\n\n<div style=\"height:48px\" aria-hidden=\"true\" class=\"wp-block-spacer\"><\/div>\n\n\n\n<p><\/p>\n\n\n\n<p><\/p>\n\n\n\n<div style=\"height:56px\" aria-hidden=\"true\" class=\"wp-block-spacer\"><\/div>\n\n\n\n<p><a href=\"https:\/\/previnorte.com.br\/site2\/giro-de-noticias-2025\/\"><strong>Giros de Not\u00edcias de 2025<\/strong><\/a><\/p>\n\n\n\n<p><a href=\"https:\/\/previnorte.com.br\/site2\/giro-de-noticias-2024\/\"><strong>Giros de Not\u00edcias de 2024<\/strong><\/a><\/p>\n\n\n\n<p><a href=\"https:\/\/previnorte.com.br\/site2\/giro-de-noticias-2023\/\"><strong>Giros de Not\u00edcias de 2023<\/strong><\/a><\/p>\n\n\n\n<p><a href=\"https:\/\/previnorte.com.br\/site2\/giro-de-noticias-2022\/\"><strong>Giros de Not\u00edcias de 2022<\/strong><\/a><\/p>\n","protected":false},"excerpt":{"rendered":"<p>Giro de Not\u00edcias 194 | 2026 &#8211; 23 de abr &#8211; Resultado dos planos foi positivo no \u00faltimo m\u00eas, apesar das turbul\u00eancias no mercado Giro de Not\u00edcias 193 | 2026 &#8211; 16 de abr &#8211; Escolher bem o prazo do benef\u00edcio faz diferen\u00e7a no futuro Giro de Not\u00edcias 192 | 2026 &#8211; 9 de abr [&hellip;]<\/p>\n","protected":false},"author":1,"featured_media":0,"parent":0,"menu_order":0,"comment_status":"closed","ping_status":"closed","template":"","meta":{"_acf_changed":false,"om_disable_all_campaigns":false,"_monsterinsights_skip_tracking":false,"_monsterinsights_sitenote_active":false,"_monsterinsights_sitenote_note":"","_monsterinsights_sitenote_category":0,"_uf_show_specific_survey":0,"_uf_disable_surveys":false,"footnotes":""},"class_list":["post-4576","page","type-page","status-publish","hentry"],"acf":[],"aioseo_notices":[],"yoast_head":"<!-- This site is optimized with the Yoast SEO plugin v26.2 - https:\/\/yoast.com\/wordpress\/plugins\/seo\/ -->\r\n<title>Giro de Not\u00edcias - Previnorte<\/title>\r\n<meta name=\"robots\" content=\"index, follow, max-snippet:-1, max-image-preview:large, max-video-preview:-1\" \/>\r\n<link rel=\"canonical\" href=\"https:\/\/previnorte.com.br\/site2\/giro-de-noticias\/\" \/>\r\n<meta property=\"og:locale\" content=\"pt_BR\" \/>\r\n<meta property=\"og:type\" content=\"article\" \/>\r\n<meta property=\"og:title\" content=\"Giro de Not\u00edcias - Previnorte\" \/>\r\n<meta property=\"og:description\" content=\"Giro de Not\u00edcias 194 | 2026 &#8211; 23 de abr &#8211; Resultado dos planos foi positivo no \u00faltimo m\u00eas, apesar das turbul\u00eancias no mercado Giro de Not\u00edcias 193 | 2026 &#8211; 16 de abr &#8211; Escolher bem o prazo do benef\u00edcio faz diferen\u00e7a no futuro Giro de Not\u00edcias 192 | 2026 &#8211; 9 de abr [&hellip;]\" \/>\r\n<meta property=\"og:url\" content=\"https:\/\/previnorte.com.br\/site2\/giro-de-noticias\/\" \/>\r\n<meta property=\"og:site_name\" content=\"Previnorte\" \/>\r\n<meta property=\"article:modified_time\" content=\"2026-04-23T20:06:08+00:00\" \/>\r\n<meta name=\"twitter:card\" content=\"summary_large_image\" \/>\r\n<meta name=\"twitter:label1\" content=\"Est. tempo de leitura\" \/>\n\t<meta name=\"twitter:data1\" content=\"2 minutos\" \/>\r\n<script type=\"application\/ld+json\" class=\"yoast-schema-graph\">{\"@context\":\"https:\/\/schema.org\",\"@graph\":[{\"@type\":\"WebPage\",\"@id\":\"https:\/\/previnorte.com.br\/site2\/giro-de-noticias\/\",\"url\":\"https:\/\/previnorte.com.br\/site2\/giro-de-noticias\/\",\"name\":\"Giro de Not\u00edcias - Previnorte\",\"isPartOf\":{\"@id\":\"https:\/\/previnorte.com.br\/site2\/#website\"},\"datePublished\":\"2022-07-28T20:35:01+00:00\",\"dateModified\":\"2026-04-23T20:06:08+00:00\",\"breadcrumb\":{\"@id\":\"https:\/\/previnorte.com.br\/site2\/giro-de-noticias\/#breadcrumb\"},\"inLanguage\":\"pt-BR\",\"potentialAction\":[{\"@type\":\"ReadAction\",\"target\":[\"https:\/\/previnorte.com.br\/site2\/giro-de-noticias\/\"]}]},{\"@type\":\"BreadcrumbList\",\"@id\":\"https:\/\/previnorte.com.br\/site2\/giro-de-noticias\/#breadcrumb\",\"itemListElement\":[{\"@type\":\"ListItem\",\"position\":1,\"name\":\"In\u00edcio\",\"item\":\"https:\/\/previnorte.com.br\/site2\/\"},{\"@type\":\"ListItem\",\"position\":2,\"name\":\"Giro de Not\u00edcias\"}]},{\"@type\":\"WebSite\",\"@id\":\"https:\/\/previnorte.com.br\/site2\/#website\",\"url\":\"https:\/\/previnorte.com.br\/site2\/\",\"name\":\"Previnorte\",\"description\":\"Uma entidade fechada de previd\u00eancia complementar,  sem fins lucrativos.\",\"potentialAction\":[{\"@type\":\"SearchAction\",\"target\":{\"@type\":\"EntryPoint\",\"urlTemplate\":\"https:\/\/previnorte.com.br\/site2\/?s={search_term_string}\"},\"query-input\":{\"@type\":\"PropertyValueSpecification\",\"valueRequired\":true,\"valueName\":\"search_term_string\"}}],\"inLanguage\":\"pt-BR\"}]}<\/script>\r\n<!-- \/ Yoast SEO plugin. -->","yoast_head_json":{"title":"Giro de Not\u00edcias - Previnorte","robots":{"index":"index","follow":"follow","max-snippet":"max-snippet:-1","max-image-preview":"max-image-preview:large","max-video-preview":"max-video-preview:-1"},"canonical":"https:\/\/previnorte.com.br\/site2\/giro-de-noticias\/","og_locale":"pt_BR","og_type":"article","og_title":"Giro de Not\u00edcias - Previnorte","og_description":"Giro de Not\u00edcias 194 | 2026 &#8211; 23 de abr &#8211; Resultado dos planos foi positivo no \u00faltimo m\u00eas, apesar das turbul\u00eancias no mercado Giro de Not\u00edcias 193 | 2026 &#8211; 16 de abr &#8211; Escolher bem o prazo do benef\u00edcio faz diferen\u00e7a no futuro Giro de Not\u00edcias 192 | 2026 &#8211; 9 de abr [&hellip;]","og_url":"https:\/\/previnorte.com.br\/site2\/giro-de-noticias\/","og_site_name":"Previnorte","article_modified_time":"2026-04-23T20:06:08+00:00","twitter_card":"summary_large_image","twitter_misc":{"Est. tempo de leitura":"2 minutos"},"schema":{"@context":"https:\/\/schema.org","@graph":[{"@type":"WebPage","@id":"https:\/\/previnorte.com.br\/site2\/giro-de-noticias\/","url":"https:\/\/previnorte.com.br\/site2\/giro-de-noticias\/","name":"Giro de Not\u00edcias - Previnorte","isPartOf":{"@id":"https:\/\/previnorte.com.br\/site2\/#website"},"datePublished":"2022-07-28T20:35:01+00:00","dateModified":"2026-04-23T20:06:08+00:00","breadcrumb":{"@id":"https:\/\/previnorte.com.br\/site2\/giro-de-noticias\/#breadcrumb"},"inLanguage":"pt-BR","potentialAction":[{"@type":"ReadAction","target":["https:\/\/previnorte.com.br\/site2\/giro-de-noticias\/"]}]},{"@type":"BreadcrumbList","@id":"https:\/\/previnorte.com.br\/site2\/giro-de-noticias\/#breadcrumb","itemListElement":[{"@type":"ListItem","position":1,"name":"In\u00edcio","item":"https:\/\/previnorte.com.br\/site2\/"},{"@type":"ListItem","position":2,"name":"Giro de Not\u00edcias"}]},{"@type":"WebSite","@id":"https:\/\/previnorte.com.br\/site2\/#website","url":"https:\/\/previnorte.com.br\/site2\/","name":"Previnorte","description":"Uma entidade fechada de previd\u00eancia complementar,  sem fins lucrativos.","potentialAction":[{"@type":"SearchAction","target":{"@type":"EntryPoint","urlTemplate":"https:\/\/previnorte.com.br\/site2\/?s={search_term_string}"},"query-input":{"@type":"PropertyValueSpecification","valueRequired":true,"valueName":"search_term_string"}}],"inLanguage":"pt-BR"}]}},"_links":{"self":[{"href":"https:\/\/previnorte.com.br\/site2\/wp-json\/wp\/v2\/pages\/4576","targetHints":{"allow":["GET"]}}],"collection":[{"href":"https:\/\/previnorte.com.br\/site2\/wp-json\/wp\/v2\/pages"}],"about":[{"href":"https:\/\/previnorte.com.br\/site2\/wp-json\/wp\/v2\/types\/page"}],"author":[{"embeddable":true,"href":"https:\/\/previnorte.com.br\/site2\/wp-json\/wp\/v2\/users\/1"}],"replies":[{"embeddable":true,"href":"https:\/\/previnorte.com.br\/site2\/wp-json\/wp\/v2\/comments?post=4576"}],"version-history":[{"count":315,"href":"https:\/\/previnorte.com.br\/site2\/wp-json\/wp\/v2\/pages\/4576\/revisions"}],"predecessor-version":[{"id":20488,"href":"https:\/\/previnorte.com.br\/site2\/wp-json\/wp\/v2\/pages\/4576\/revisions\/20488"}],"wp:attachment":[{"href":"https:\/\/previnorte.com.br\/site2\/wp-json\/wp\/v2\/media?parent=4576"}],"curies":[{"name":"wp","href":"https:\/\/api.w.org\/{rel}","templated":true}]}}