{"id":47,"date":"2020-12-30T11:19:26","date_gmt":"2020-12-30T14:19:26","guid":{"rendered":"http:\/\/previnorte.local\/?page_id=47"},"modified":"2026-04-07T17:00:33","modified_gmt":"2026-04-07T20:00:33","slug":"plano-a","status":"publish","type":"page","link":"https:\/\/previnorte.com.br\/site2\/plano-a\/","title":{"rendered":"Planos A"},"content":{"rendered":"\n<p>Os Planos A s\u00e3o planos de Benef\u00edcio Definido \u2013 BD, em que<strong> a contribui\u00e7\u00e3o mensal \u00e9 calculada de acordo com a idade e o sal\u00e1rio do participante<\/strong>. Os benef\u00edcios t\u00eam o seu valor ou n\u00edvel previamente estabelecidos no Regulamento.<\/p>\n\n\n\n<p>O benef\u00edcio a ser concedido ao participante encontra-se <strong>definido no regulamento<\/strong> e corresponde \u00e0 m\u00e9dia dos 36 \u00faltimos Sal\u00e1rios de Contribui\u00e7\u00e3o (corrigidos mensalmente pelo INPC) menos o valor atribu\u00eddo ao benef\u00edcio do INSS, calculado hipoteticamente na data de recebimento da complementa\u00e7\u00e3o na Previnorte.<\/p>\n\n\n\n<p>Para aqueles que s\u00e3o participantes do Plano A os benef\u00edcios s\u00e3o:<\/p>\n\n\n\n<ul class=\"wp-block-list\">\n<li>Complementa\u00e7\u00e3o de Aposentadoria por Tempo de Contribui\u00e7\u00e3o (Tempo de Servi\u00e7o)<\/li>\n\n\n\n<li>Complementa\u00e7\u00e3o de Aposentadoria por Invalidez<\/li>\n\n\n\n<li>Complementa\u00e7\u00e3o de Aposentadoria Especial<\/li>\n\n\n\n<li>Complementa\u00e7\u00e3o de Aposentadoria por Idade<\/li>\n\n\n\n<li>Complementa\u00e7\u00e3o de Pens\u00e3o<\/li>\n\n\n\n<li>Complementa\u00e7\u00e3o de Abono Anual<\/li>\n<\/ul>\n\n\n\n<p class=\"has-midnight-gradient-background has-background\"><mark style=\"background-color:rgba(0, 0, 0, 0)\" class=\"has-inline-color has-luminous-vivid-amber-color\"><strong>ATEN\u00c7\u00c3O:<\/strong> <\/mark><br><mark style=\"background-color:rgba(0, 0, 0, 0)\" class=\"has-inline-color has-luminous-vivid-amber-color\">Esses planos est\u00e3o fechados a novas ades\u00f5es desde fevereiro de 2000.<\/mark><\/p>\n","protected":false},"excerpt":{"rendered":"<p>Os Planos A s\u00e3o planos de Benef\u00edcio Definido \u2013 BD, em que a contribui\u00e7\u00e3o mensal \u00e9 calculada de acordo com a idade e o sal\u00e1rio do participante. Os benef\u00edcios t\u00eam o seu valor ou n\u00edvel previamente estabelecidos no Regulamento. O benef\u00edcio a ser concedido ao participante encontra-se definido no regulamento e corresponde \u00e0 m\u00e9dia dos [&hellip;]<\/p>\n","protected":false},"author":2,"featured_media":0,"parent":0,"menu_order":0,"comment_status":"closed","ping_status":"closed","template":"page-plan.php","meta":{"_acf_changed":false,"om_disable_all_campaigns":false,"_monsterinsights_skip_tracking":false,"_monsterinsights_sitenote_active":false,"_monsterinsights_sitenote_note":"","_monsterinsights_sitenote_category":0,"_uf_show_specific_survey":0,"_uf_disable_surveys":false,"footnotes":""},"class_list":["post-47","page","type-page","status-publish","hentry"],"acf":[],"aioseo_notices":[],"yoast_head":"<!-- This site is optimized with the Yoast SEO plugin v26.2 - https:\/\/yoast.com\/wordpress\/plugins\/seo\/ -->\r\n<title>Planos A - Previnorte<\/title>\r\n<meta name=\"robots\" content=\"index, follow, max-snippet:-1, max-image-preview:large, max-video-preview:-1\" \/>\r\n<link rel=\"canonical\" href=\"https:\/\/previnorte.com.br\/site2\/plano-a\/\" \/>\r\n<meta property=\"og:locale\" content=\"pt_BR\" \/>\r\n<meta property=\"og:type\" content=\"article\" \/>\r\n<meta property=\"og:title\" content=\"Planos A - Previnorte\" \/>\r\n<meta property=\"og:description\" content=\"Os Planos A s\u00e3o planos de Benef\u00edcio Definido \u2013 BD, em que a contribui\u00e7\u00e3o mensal \u00e9 calculada de acordo com a idade e o sal\u00e1rio do participante. Os benef\u00edcios t\u00eam o seu valor ou n\u00edvel previamente estabelecidos no Regulamento. O benef\u00edcio a ser concedido ao participante encontra-se definido no regulamento e corresponde \u00e0 m\u00e9dia dos [&hellip;]\" \/>\r\n<meta property=\"og:url\" content=\"https:\/\/previnorte.com.br\/site2\/plano-a\/\" \/>\r\n<meta property=\"og:site_name\" content=\"Previnorte\" \/>\r\n<meta property=\"article:modified_time\" content=\"2026-04-07T20:00:33+00:00\" \/>\r\n<meta name=\"twitter:card\" content=\"summary_large_image\" \/>\r\n<meta name=\"twitter:label1\" content=\"Est. tempo de leitura\" \/>\n\t<meta name=\"twitter:data1\" content=\"1 minuto\" \/>\r\n<script type=\"application\/ld+json\" class=\"yoast-schema-graph\">{\"@context\":\"https:\/\/schema.org\",\"@graph\":[{\"@type\":\"WebPage\",\"@id\":\"https:\/\/previnorte.com.br\/site2\/plano-a\/\",\"url\":\"https:\/\/previnorte.com.br\/site2\/plano-a\/\",\"name\":\"Planos A - Previnorte\",\"isPartOf\":{\"@id\":\"https:\/\/previnorte.com.br\/site2\/#website\"},\"datePublished\":\"2020-12-30T14:19:26+00:00\",\"dateModified\":\"2026-04-07T20:00:33+00:00\",\"breadcrumb\":{\"@id\":\"https:\/\/previnorte.com.br\/site2\/plano-a\/#breadcrumb\"},\"inLanguage\":\"pt-BR\",\"potentialAction\":[{\"@type\":\"ReadAction\",\"target\":[\"https:\/\/previnorte.com.br\/site2\/plano-a\/\"]}]},{\"@type\":\"BreadcrumbList\",\"@id\":\"https:\/\/previnorte.com.br\/site2\/plano-a\/#breadcrumb\",\"itemListElement\":[{\"@type\":\"ListItem\",\"position\":1,\"name\":\"In\u00edcio\",\"item\":\"https:\/\/previnorte.com.br\/site2\/\"},{\"@type\":\"ListItem\",\"position\":2,\"name\":\"Planos A\"}]},{\"@type\":\"WebSite\",\"@id\":\"https:\/\/previnorte.com.br\/site2\/#website\",\"url\":\"https:\/\/previnorte.com.br\/site2\/\",\"name\":\"Previnorte\",\"description\":\"Uma entidade fechada de previd\u00eancia complementar,  sem fins lucrativos.\",\"potentialAction\":[{\"@type\":\"SearchAction\",\"target\":{\"@type\":\"EntryPoint\",\"urlTemplate\":\"https:\/\/previnorte.com.br\/site2\/?s={search_term_string}\"},\"query-input\":{\"@type\":\"PropertyValueSpecification\",\"valueRequired\":true,\"valueName\":\"search_term_string\"}}],\"inLanguage\":\"pt-BR\"}]}<\/script>\r\n<!-- \/ Yoast SEO plugin. -->","yoast_head_json":{"title":"Planos A - Previnorte","robots":{"index":"index","follow":"follow","max-snippet":"max-snippet:-1","max-image-preview":"max-image-preview:large","max-video-preview":"max-video-preview:-1"},"canonical":"https:\/\/previnorte.com.br\/site2\/plano-a\/","og_locale":"pt_BR","og_type":"article","og_title":"Planos A - Previnorte","og_description":"Os Planos A s\u00e3o planos de Benef\u00edcio Definido \u2013 BD, em que a contribui\u00e7\u00e3o mensal \u00e9 calculada de acordo com a idade e o sal\u00e1rio do participante. Os benef\u00edcios t\u00eam o seu valor ou n\u00edvel previamente estabelecidos no Regulamento. O benef\u00edcio a ser concedido ao participante encontra-se definido no regulamento e corresponde \u00e0 m\u00e9dia dos [&hellip;]","og_url":"https:\/\/previnorte.com.br\/site2\/plano-a\/","og_site_name":"Previnorte","article_modified_time":"2026-04-07T20:00:33+00:00","twitter_card":"summary_large_image","twitter_misc":{"Est. tempo de leitura":"1 minuto"},"schema":{"@context":"https:\/\/schema.org","@graph":[{"@type":"WebPage","@id":"https:\/\/previnorte.com.br\/site2\/plano-a\/","url":"https:\/\/previnorte.com.br\/site2\/plano-a\/","name":"Planos A - Previnorte","isPartOf":{"@id":"https:\/\/previnorte.com.br\/site2\/#website"},"datePublished":"2020-12-30T14:19:26+00:00","dateModified":"2026-04-07T20:00:33+00:00","breadcrumb":{"@id":"https:\/\/previnorte.com.br\/site2\/plano-a\/#breadcrumb"},"inLanguage":"pt-BR","potentialAction":[{"@type":"ReadAction","target":["https:\/\/previnorte.com.br\/site2\/plano-a\/"]}]},{"@type":"BreadcrumbList","@id":"https:\/\/previnorte.com.br\/site2\/plano-a\/#breadcrumb","itemListElement":[{"@type":"ListItem","position":1,"name":"In\u00edcio","item":"https:\/\/previnorte.com.br\/site2\/"},{"@type":"ListItem","position":2,"name":"Planos A"}]},{"@type":"WebSite","@id":"https:\/\/previnorte.com.br\/site2\/#website","url":"https:\/\/previnorte.com.br\/site2\/","name":"Previnorte","description":"Uma entidade fechada de previd\u00eancia complementar,  sem fins lucrativos.","potentialAction":[{"@type":"SearchAction","target":{"@type":"EntryPoint","urlTemplate":"https:\/\/previnorte.com.br\/site2\/?s={search_term_string}"},"query-input":{"@type":"PropertyValueSpecification","valueRequired":true,"valueName":"search_term_string"}}],"inLanguage":"pt-BR"}]}},"_links":{"self":[{"href":"https:\/\/previnorte.com.br\/site2\/wp-json\/wp\/v2\/pages\/47","targetHints":{"allow":["GET"]}}],"collection":[{"href":"https:\/\/previnorte.com.br\/site2\/wp-json\/wp\/v2\/pages"}],"about":[{"href":"https:\/\/previnorte.com.br\/site2\/wp-json\/wp\/v2\/types\/page"}],"author":[{"embeddable":true,"href":"https:\/\/previnorte.com.br\/site2\/wp-json\/wp\/v2\/users\/2"}],"replies":[{"embeddable":true,"href":"https:\/\/previnorte.com.br\/site2\/wp-json\/wp\/v2\/comments?post=47"}],"version-history":[{"count":587,"href":"https:\/\/previnorte.com.br\/site2\/wp-json\/wp\/v2\/pages\/47\/revisions"}],"predecessor-version":[{"id":20423,"href":"https:\/\/previnorte.com.br\/site2\/wp-json\/wp\/v2\/pages\/47\/revisions\/20423"}],"wp:attachment":[{"href":"https:\/\/previnorte.com.br\/site2\/wp-json\/wp\/v2\/media?parent=47"}],"curies":[{"name":"wp","href":"https:\/\/api.w.org\/{rel}","templated":true}]}}