{"id":620,"date":"2021-01-13T16:38:54","date_gmt":"2021-01-13T19:38:54","guid":{"rendered":"https:\/\/previnorte.com.br\/site2\/?page_id=620"},"modified":"2025-06-24T16:33:33","modified_gmt":"2025-06-24T19:33:33","slug":"formularios","status":"publish","type":"page","link":"https:\/\/previnorte.com.br\/site2\/formularios\/","title":{"rendered":"Formul\u00e1rios"},"content":{"rendered":"\n<p><strong>Formul\u00e1rios do Plano A<\/strong><\/p>\n\n\n\n<p><a href=\"https:\/\/previnorte.com.br\/site2\/wp-content\/uploads\/2024\/07\/Termo-de-Opcao-dos-Institutos.docx\">Termo de Op\u00e7\u00e3o dos Institutos<\/a><br><a href=\"https:\/\/previnorte.com.br\/site2\/wp-content\/uploads\/2021\/09\/Termo-de-Opcao-na-perda-de-Remuneracao-subs1.docx\">Termo de Op\u00e7\u00e3o na perda de Remunera\u00e7\u00e3o<\/a><br><a href=\"https:\/\/previnorte.com.br\/site2\/wp-content\/uploads\/2024\/05\/Termo-Consentimento-Criancas-e-Adolescentes_site-2.pdf\">Termo de Consentimento &#8211; Crian\u00e7as e Adolescentes<\/a> &#8211; PDF<br><a href=\"https:\/\/previnorte.com.br\/site2\/wp-content\/uploads\/2024\/05\/Termo-Consentimento-Criancas-e-Adolescentes_site-2.docx\">Termo de Consentimento &#8211; Crian\u00e7as e Adolescentes<\/a> &#8211; word \/ edit\u00e1vel<br><a href=\"https:\/\/previnorte.com.br\/site2\/wp-content\/uploads\/2021\/10\/Requerimento-Pagamento-de-Saldo-Aplicavel-na-Condicao-de-Herdeiro-Legal.docx\">Requerimento Pagamento de Saldo Aplic\u00e1vel na Condi\u00e7\u00e3o de Herdeiro Legal \u2013 Plano de Benef\u00edcios<\/a><br><a href=\"https:\/\/previnorte.com.br\/site2\/wp-content\/uploads\/2025\/06\/Requerimento-de-Complementacao-de-Pensao-por-Morte-Plano-A_site-24-6-25.pdf\">Requerimento de Complementa\u00e7\u00e3o de Pens\u00e3o por morte &#8211; Plano A<\/a> &#8211; PDF<br><a href=\"https:\/\/previnorte.com.br\/site2\/wp-content\/uploads\/2025\/06\/Requerimento-de-Complementacao-de-Pensao-por-Morte-Plano-A_site-24-6-25.docx\">Requerimento de Complementa\u00e7\u00e3o de Pens\u00e3o por morte &#8211; Plano A<\/a> &#8211; word \/ edit\u00e1vel<a href=\"https:\/\/previnorte.com.br\/site2\/wp-content\/uploads\/2024\/05\/Requerimento-de-Complementacao-de-Aposentadoria-Plano-A_site-1.docx\"><br><\/a><a href=\"https:\/\/previnorte.com.br\/site2\/wp-content\/uploads\/2024\/05\/Requerimento-de-Complementacao-de-Aposentadoria-Plano-A_site.pdf\">Requerimento de Complementa\u00e7\u00e3o de Aposentadoria &#8211; Plano A<\/a> &#8211; PDF<br><a href=\"https:\/\/previnorte.com.br\/site2\/wp-content\/uploads\/2024\/05\/Requerimento-de-Complementacao-de-Aposentadoria-Plano-A_site.docx\">Requerimento de Complementa\u00e7\u00e3o de Aposentadoria \u2013 Plano A<\/a> &#8211; word \/ edit\u00e1vel<br><a href=\"https:\/\/previnorte.com.br\/site2\/wp-content\/uploads\/2021\/01\/Procuracao.doc\">Procura\u00e7\u00e3o<\/a><br><a href=\"https:\/\/previnorte.com.br\/site2\/wp-content\/uploads\/2021\/01\/Declaracao-de-nao-estar-Aposentado-pela-Previdencia-Social-\u2013-Plano-A.doc\">Declara\u00e7\u00e3o de n\u00e3o estar Aposentado pela Previd\u00eancia Social \u2013 Plano A<\/a><br><a href=\"https:\/\/previnorte.com.br\/site2\/wp-content\/uploads\/2021\/01\/Declaracao-de-Aposentados-IN-1343.doc\">Declara\u00e7\u00e3o de Aposentados IN 1343<\/a><br><a href=\"https:\/\/previnorte.com.br\/site2\/wp-content\/uploads\/2022\/11\/Alteracao-de-Dados-Cadastrais-e-Dependentes-versao-16.docx\">Altera\u00e7\u00e3o de Dados Cadastrais e Dependentes<\/a><\/p>\n\n\n\n<div style=\"height:100px\" aria-hidden=\"true\" class=\"wp-block-spacer\"><\/div>\n\n\n\n<p><strong>Formul\u00e1rios do Plano B<\/strong><\/p>\n\n\n\n<p><a href=\"https:\/\/previnorte.com.br\/site2\/wp-content\/uploads\/2021\/09\/Termo-de-Opcao-na-perda-de-Remuneracao-subs1.docx\">Termo de Op\u00e7\u00e3o na perda de Remunera\u00e7\u00e3o<\/a><br><a href=\"https:\/\/previnorte.com.br\/site2\/wp-content\/uploads\/2021\/09\/Termo-de-Opcao-dos-Institutos-1sub.docx\">Termo de Op\u00e7\u00e3o <\/a><a href=\"https:\/\/previnorte.com.br\/site2\/wp-content\/uploads\/2024\/07\/Termo-de-Opcao-dos-Institutos.docx\">dos <\/a><a href=\"https:\/\/previnorte.com.br\/site2\/wp-content\/uploads\/2024\/10\/Termo-de-Opcao-dos-Institutos-1.docx\">Institutos<\/a><br><a href=\"https:\/\/previnorte.com.br\/site2\/wp-content\/uploads\/2024\/05\/Termo-Consentimento-Criancas-e-Adolescentes_site-2.pdf\">Termo de Consentimento &#8211; Crian\u00e7as e Adolescentes<\/a> &#8211; PDF<br><a href=\"https:\/\/previnorte.com.br\/site2\/wp-content\/uploads\/2024\/05\/Termo-Consentimento-Criancas-e-Adolescentes_site-2.docx\">Termo de Consentimento &#8211; Crian\u00e7as e Adolescentes<\/a> &#8211; word \/ edit\u00e1vel<a href=\"https:\/\/previnorte.com.br\/site2\/wp-content\/uploads\/2022\/10\/Termo-Consentimento-Criancas-e-Adolescentes-Previnorte.pdf\"><br><\/a><a href=\"https:\/\/previnorte.com.br\/site2\/wp-content\/uploads\/2023\/03\/Requerimento-Pagamento-de-Saldo-Aplicavel-na-Condicao-de-Herdeiro-Legal.docx\">Requerimento Pagamento de Saldo Aplic\u00e1vel na Condi\u00e7\u00e3o de Herdeiro Legal \u2013 Plano de Benef\u00edcios<\/a> &#8211; word \/ edit\u00e1vel<br><a href=\"https:\/\/previnorte.com.br\/site2\/wp-content\/uploads\/2024\/05\/Requerimento-Restituicao-Saldo-Aplicavel-Herdeiro-Legal_site-1.pdf\">Requerimento de Restitui\u00e7\u00e3o de Saldo Aplic\u00e1vel na Condi\u00e7\u00e3o de Herdeiro Legal<\/a> &#8211; PDF<br><a href=\"https:\/\/previnorte.com.br\/site2\/wp-content\/uploads\/2024\/05\/Requerimento-Restituicao-Saldo-Aplicavel-Herdeiro-Legal_site-1.docx\">Requerimento de Restitui\u00e7\u00e3o de Saldo Aplic\u00e1vel na Condi\u00e7\u00e3o de Herdeiro Legal<\/a> &#8211; word \/ edit\u00e1vel <br><a href=\"https:\/\/previnorte.com.br\/site2\/wp-content\/uploads\/2024\/05\/Requerimento-de-Beneficio-Plano-B_site-1.pdf\">Requerimento de Benef\u00edcio &#8211; Plano B<\/a> &#8211; PDF<br><a href=\"https:\/\/previnorte.com.br\/site2\/wp-content\/uploads\/2024\/05\/Requerimento-de-Beneficio-Plano-B_site-1.docx\">Requerimento de Benef\u00edcio &#8211; Plano B<\/a> &#8211; word \/ edit\u00e1vel<br>* <a href=\"https:\/\/previnorte.com.br\/site2\/wp-content\/uploads\/2024\/05\/Anexo-Requerimento-de-Beneficio-abaixo-da-URP-Plano-B_site-1.pdf\">Anexo do Requerimento de Benef\u00edcio abaixo da URP &#8211; Plano B<\/a> &#8211; PDF<br>* <a href=\"https:\/\/previnorte.com.br\/site2\/wp-content\/uploads\/2024\/05\/Anexo-Requerimento-de-Beneficio-abaixo-da-URP-Plano-B_site-1.docx\">Anexo do Requerimento de Benef\u00edcio abaixo da URP &#8211; Plano B<\/a> &#8211; word \/ edit\u00e1vel<br><a href=\"https:\/\/previnorte.com.br\/site2\/wp-content\/uploads\/2025\/06\/Requerimento-Beneficio-Pensao-por-Morte-Plano-B_site-24-6-25.pdf\">Requerimento de Benef\u00edcio de Pens\u00e3o por Morte &#8211; Plano B<\/a> &#8211; PDF<br><a href=\"https:\/\/previnorte.com.br\/site2\/wp-content\/uploads\/2025\/06\/Requerimento-Beneficio-Pensao-por-Morte-Plano-B_site-24-6-25.docx\">Requerimento de Benef\u00edcio de Pens\u00e3o por Morte &#8211; Plano B<\/a> &#8211; word \/ edit\u00e1vel<br><a href=\"https:\/\/previnorte.com.br\/site2\/wp-content\/uploads\/2024\/05\/Regime-de-Tributacao_Site.pdf\">Regime de Tributa\u00e7\u00e3o<\/a> &#8211; PDF<br><a href=\"https:\/\/previnorte.com.br\/site2\/wp-content\/uploads\/2024\/05\/Regime-de-Tributacao_Site.docx\">Regime de Tributa\u00e7\u00e3o<\/a> &#8211; word \/ edit\u00e1vel<a href=\"https:\/\/previnorte.com.br\/site2\/wp-content\/uploads\/2022\/10\/Repactuacao-de-Prazo-de-Recebimento-de-Beneficio.pdf\"><br>Repactua\u00e7\u00e3o de Prazo de Recebimento de Benef\u00edcio<\/a><br><a href=\"https:\/\/previnorte.com.br\/site2\/wp-content\/uploads\/2021\/01\/Procuracao-1.doc\">Procura\u00e7\u00e3o<\/a><br><a href=\"https:\/\/previnorte.com.br\/site2\/wp-content\/uploads\/2022\/12\/D-E-C-L-A-R-A-C-A-O-IN1343-site.pdf\">Declara\u00e7\u00e3o Aposentado IN 1343<\/a> &#8211; PDF<br><a href=\"https:\/\/previnorte.com.br\/site2\/wp-content\/uploads\/2022\/12\/D-E-C-L-A-R-A-C-A-O-IN-1343-site.doc\">Declara\u00e7\u00e3o Aposentado IN 1343 <\/a>&#8211; word \/ edit\u00e1vel<br><a href=\"https:\/\/previnorte.com.br\/site2\/wp-content\/uploads\/2022\/11\/ALTERACAO-DE-DADOS-CADASTRAIS-e-DEPENDENTES-ver.16-1.docx\">Alter<\/a><a href=\"https:\/\/previnorte.com.br\/site2\/wp-content\/uploads\/2022\/11\/Alteracao-de-Dados-Cadastrais-e-Dependentes-versao-16.docx\">a\u00e7\u00e3o de Dados Cadastrais e Dependentes<\/a><br><a href=\"https:\/\/previnorte.com.br\/site2\/wp-content\/uploads\/2021\/08\/ALTERACAO-DE-PERCENTUAIS-DE-CONTRIBUICAO-2.docx\">Al<\/a><a href=\"https:\/\/previnorte.com.br\/site2\/wp-content\/uploads\/2022\/10\/ALTERACAO-DE-PERCENTUAIS-DE-CONTRIBUICAO-ver.-16.docx\">tera\u00e7\u00e3o de de Percentuais de Contribui\u00e7\u00e3o &#8211; Plano B<\/a><br><\/p>\n\n\n\n<p><br><br><br><br><\/p>\n\n\n\n<p><\/p>\n\n\n\n<p><\/p>\n","protected":false},"excerpt":{"rendered":"<p>Formul\u00e1rios do Plano A Termo de Op\u00e7\u00e3o dos InstitutosTermo de Op\u00e7\u00e3o na perda de Remunera\u00e7\u00e3oTermo de Consentimento &#8211; Crian\u00e7as e Adolescentes &#8211; PDFTermo de Consentimento &#8211; Crian\u00e7as e Adolescentes &#8211; word \/ edit\u00e1velRequerimento Pagamento de Saldo Aplic\u00e1vel na Condi\u00e7\u00e3o de Herdeiro Legal \u2013 Plano de Benef\u00edciosRequerimento de Complementa\u00e7\u00e3o de Pens\u00e3o por morte &#8211; Plano A [&hellip;]<\/p>\n","protected":false},"author":4,"featured_media":774,"parent":0,"menu_order":0,"comment_status":"closed","ping_status":"closed","template":"","meta":{"_acf_changed":false,"om_disable_all_campaigns":false,"_monsterinsights_skip_tracking":false,"_monsterinsights_sitenote_active":false,"_monsterinsights_sitenote_note":"","_monsterinsights_sitenote_category":0,"_uf_show_specific_survey":0,"_uf_disable_surveys":false,"footnotes":""},"class_list":["post-620","page","type-page","status-publish","has-post-thumbnail","hentry"],"acf":[],"aioseo_notices":[],"yoast_head":"<!-- This site is optimized with the Yoast SEO plugin v26.2 - https:\/\/yoast.com\/wordpress\/plugins\/seo\/ -->\r\n<title>Formul\u00e1rios - Previnorte<\/title>\r\n<meta name=\"robots\" content=\"noindex, nofollow\" \/>\r\n<meta property=\"og:locale\" content=\"pt_BR\" \/>\r\n<meta property=\"og:type\" content=\"article\" \/>\r\n<meta property=\"og:title\" content=\"Formul\u00e1rios - Previnorte\" \/>\r\n<meta property=\"og:description\" content=\"Formul\u00e1rios do Plano A Termo de Op\u00e7\u00e3o dos InstitutosTermo de Op\u00e7\u00e3o na perda de Remunera\u00e7\u00e3oTermo de Consentimento &#8211; Crian\u00e7as e Adolescentes &#8211; PDFTermo de Consentimento &#8211; Crian\u00e7as e Adolescentes &#8211; word \/ edit\u00e1velRequerimento Pagamento de Saldo Aplic\u00e1vel na Condi\u00e7\u00e3o de Herdeiro Legal \u2013 Plano de Benef\u00edciosRequerimento de Complementa\u00e7\u00e3o de Pens\u00e3o por morte &#8211; Plano A [&hellip;]\" \/>\r\n<meta property=\"og:url\" content=\"https:\/\/previnorte.com.br\/site2\/formularios\/\" \/>\r\n<meta property=\"og:site_name\" content=\"Previnorte\" \/>\r\n<meta property=\"article:modified_time\" content=\"2025-06-24T19:33:33+00:00\" \/>\r\n<meta property=\"og:image\" content=\"https:\/\/previnorte.com.br\/site2\/wp-content\/uploads\/2021\/01\/Imagem-01.jpg\" \/>\r\n\t<meta property=\"og:image:width\" content=\"1920\" \/>\r\n\t<meta property=\"og:image:height\" content=\"691\" \/>\r\n\t<meta property=\"og:image:type\" content=\"image\/jpeg\" \/>\r\n<meta name=\"twitter:card\" content=\"summary_large_image\" \/>\r\n<meta name=\"twitter:label1\" content=\"Est. tempo de leitura\" \/>\n\t<meta name=\"twitter:data1\" content=\"2 minutos\" \/>\r\n<script type=\"application\/ld+json\" class=\"yoast-schema-graph\">{\"@context\":\"https:\/\/schema.org\",\"@graph\":[{\"@type\":\"WebPage\",\"@id\":\"https:\/\/previnorte.com.br\/site2\/formularios\/\",\"url\":\"https:\/\/previnorte.com.br\/site2\/formularios\/\",\"name\":\"Formul\u00e1rios - Previnorte\",\"isPartOf\":{\"@id\":\"https:\/\/previnorte.com.br\/site2\/#website\"},\"primaryImageOfPage\":{\"@id\":\"https:\/\/previnorte.com.br\/site2\/formularios\/#primaryimage\"},\"image\":{\"@id\":\"https:\/\/previnorte.com.br\/site2\/formularios\/#primaryimage\"},\"thumbnailUrl\":\"https:\/\/previnorte.com.br\/site2\/wp-content\/uploads\/2021\/01\/Imagem-01.jpg\",\"datePublished\":\"2021-01-13T19:38:54+00:00\",\"dateModified\":\"2025-06-24T19:33:33+00:00\",\"breadcrumb\":{\"@id\":\"https:\/\/previnorte.com.br\/site2\/formularios\/#breadcrumb\"},\"inLanguage\":\"pt-BR\",\"potentialAction\":[{\"@type\":\"ReadAction\",\"target\":[\"https:\/\/previnorte.com.br\/site2\/formularios\/\"]}]},{\"@type\":\"ImageObject\",\"inLanguage\":\"pt-BR\",\"@id\":\"https:\/\/previnorte.com.br\/site2\/formularios\/#primaryimage\",\"url\":\"https:\/\/previnorte.com.br\/site2\/wp-content\/uploads\/2021\/01\/Imagem-01.jpg\",\"contentUrl\":\"https:\/\/previnorte.com.br\/site2\/wp-content\/uploads\/2021\/01\/Imagem-01.jpg\",\"width\":1920,\"height\":691},{\"@type\":\"BreadcrumbList\",\"@id\":\"https:\/\/previnorte.com.br\/site2\/formularios\/#breadcrumb\",\"itemListElement\":[{\"@type\":\"ListItem\",\"position\":1,\"name\":\"In\u00edcio\",\"item\":\"https:\/\/previnorte.com.br\/site2\/\"},{\"@type\":\"ListItem\",\"position\":2,\"name\":\"Formul\u00e1rios\"}]},{\"@type\":\"WebSite\",\"@id\":\"https:\/\/previnorte.com.br\/site2\/#website\",\"url\":\"https:\/\/previnorte.com.br\/site2\/\",\"name\":\"Previnorte\",\"description\":\"Uma entidade fechada de previd\u00eancia complementar,  sem fins lucrativos.\",\"potentialAction\":[{\"@type\":\"SearchAction\",\"target\":{\"@type\":\"EntryPoint\",\"urlTemplate\":\"https:\/\/previnorte.com.br\/site2\/?s={search_term_string}\"},\"query-input\":{\"@type\":\"PropertyValueSpecification\",\"valueRequired\":true,\"valueName\":\"search_term_string\"}}],\"inLanguage\":\"pt-BR\"}]}<\/script>\r\n<!-- \/ Yoast SEO plugin. -->","yoast_head_json":{"title":"Formul\u00e1rios - Previnorte","robots":{"index":"noindex","follow":"nofollow"},"og_locale":"pt_BR","og_type":"article","og_title":"Formul\u00e1rios - Previnorte","og_description":"Formul\u00e1rios do Plano A Termo de Op\u00e7\u00e3o dos InstitutosTermo de Op\u00e7\u00e3o na perda de Remunera\u00e7\u00e3oTermo de Consentimento &#8211; Crian\u00e7as e Adolescentes &#8211; PDFTermo de Consentimento &#8211; Crian\u00e7as e Adolescentes &#8211; word \/ edit\u00e1velRequerimento Pagamento de Saldo Aplic\u00e1vel na Condi\u00e7\u00e3o de Herdeiro Legal \u2013 Plano de Benef\u00edciosRequerimento de Complementa\u00e7\u00e3o de Pens\u00e3o por morte &#8211; Plano A [&hellip;]","og_url":"https:\/\/previnorte.com.br\/site2\/formularios\/","og_site_name":"Previnorte","article_modified_time":"2025-06-24T19:33:33+00:00","og_image":[{"width":1920,"height":691,"url":"https:\/\/previnorte.com.br\/site2\/wp-content\/uploads\/2021\/01\/Imagem-01.jpg","type":"image\/jpeg"}],"twitter_card":"summary_large_image","twitter_misc":{"Est. tempo de leitura":"2 minutos"},"schema":{"@context":"https:\/\/schema.org","@graph":[{"@type":"WebPage","@id":"https:\/\/previnorte.com.br\/site2\/formularios\/","url":"https:\/\/previnorte.com.br\/site2\/formularios\/","name":"Formul\u00e1rios - Previnorte","isPartOf":{"@id":"https:\/\/previnorte.com.br\/site2\/#website"},"primaryImageOfPage":{"@id":"https:\/\/previnorte.com.br\/site2\/formularios\/#primaryimage"},"image":{"@id":"https:\/\/previnorte.com.br\/site2\/formularios\/#primaryimage"},"thumbnailUrl":"https:\/\/previnorte.com.br\/site2\/wp-content\/uploads\/2021\/01\/Imagem-01.jpg","datePublished":"2021-01-13T19:38:54+00:00","dateModified":"2025-06-24T19:33:33+00:00","breadcrumb":{"@id":"https:\/\/previnorte.com.br\/site2\/formularios\/#breadcrumb"},"inLanguage":"pt-BR","potentialAction":[{"@type":"ReadAction","target":["https:\/\/previnorte.com.br\/site2\/formularios\/"]}]},{"@type":"ImageObject","inLanguage":"pt-BR","@id":"https:\/\/previnorte.com.br\/site2\/formularios\/#primaryimage","url":"https:\/\/previnorte.com.br\/site2\/wp-content\/uploads\/2021\/01\/Imagem-01.jpg","contentUrl":"https:\/\/previnorte.com.br\/site2\/wp-content\/uploads\/2021\/01\/Imagem-01.jpg","width":1920,"height":691},{"@type":"BreadcrumbList","@id":"https:\/\/previnorte.com.br\/site2\/formularios\/#breadcrumb","itemListElement":[{"@type":"ListItem","position":1,"name":"In\u00edcio","item":"https:\/\/previnorte.com.br\/site2\/"},{"@type":"ListItem","position":2,"name":"Formul\u00e1rios"}]},{"@type":"WebSite","@id":"https:\/\/previnorte.com.br\/site2\/#website","url":"https:\/\/previnorte.com.br\/site2\/","name":"Previnorte","description":"Uma entidade fechada de previd\u00eancia complementar,  sem fins lucrativos.","potentialAction":[{"@type":"SearchAction","target":{"@type":"EntryPoint","urlTemplate":"https:\/\/previnorte.com.br\/site2\/?s={search_term_string}"},"query-input":{"@type":"PropertyValueSpecification","valueRequired":true,"valueName":"search_term_string"}}],"inLanguage":"pt-BR"}]}},"_links":{"self":[{"href":"https:\/\/previnorte.com.br\/site2\/wp-json\/wp\/v2\/pages\/620","targetHints":{"allow":["GET"]}}],"collection":[{"href":"https:\/\/previnorte.com.br\/site2\/wp-json\/wp\/v2\/pages"}],"about":[{"href":"https:\/\/previnorte.com.br\/site2\/wp-json\/wp\/v2\/types\/page"}],"author":[{"embeddable":true,"href":"https:\/\/previnorte.com.br\/site2\/wp-json\/wp\/v2\/users\/4"}],"replies":[{"embeddable":true,"href":"https:\/\/previnorte.com.br\/site2\/wp-json\/wp\/v2\/comments?post=620"}],"version-history":[{"count":142,"href":"https:\/\/previnorte.com.br\/site2\/wp-json\/wp\/v2\/pages\/620\/revisions"}],"predecessor-version":[{"id":17093,"href":"https:\/\/previnorte.com.br\/site2\/wp-json\/wp\/v2\/pages\/620\/revisions\/17093"}],"wp:featuredmedia":[{"embeddable":true,"href":"https:\/\/previnorte.com.br\/site2\/wp-json\/wp\/v2\/media\/774"}],"wp:attachment":[{"href":"https:\/\/previnorte.com.br\/site2\/wp-json\/wp\/v2\/media?parent=620"}],"curies":[{"name":"wp","href":"https:\/\/api.w.org\/{rel}","templated":true}]}}