{"id":6826,"date":"2023-04-03T15:22:33","date_gmt":"2023-04-03T18:22:33","guid":{"rendered":"https:\/\/previnorte.com.br\/site2\/?page_id=6826"},"modified":"2026-02-20T17:04:20","modified_gmt":"2026-02-20T20:04:20","slug":"principais-vantagens-em-aderir-ao-plano-b","status":"publish","type":"page","link":"https:\/\/previnorte.com.br\/site2\/principais-vantagens-em-aderir-ao-plano-b\/","title":{"rendered":"Principais vantagens em aderir ao Plano B"},"content":{"rendered":"\n<p class=\"has-luminous-vivid-amber-background-color has-background has-medium-font-size\"><strong>Conhe\u00e7a as principais vantagens em fazer parte do Plano B da Previnorte:<\/strong><\/p>\n\n\n\n<div style=\"height:30px\" aria-hidden=\"true\" class=\"wp-block-spacer\"><\/div>\n\n\n\n<p class=\"has-medium-font-size\"><strong>Benef\u00edcio de renda no p\u00f3s-emprego: <\/strong>O grande objetivo da Previnorte \u00e9 auxiliar os seus participantes na constru\u00e7\u00e3o de um futuro financeiro mais tranquilo, seja no momento da aposentadoria ou, ainda, no fim do v\u00ednculo laboral com o patrocinador.<\/p>\n\n\n\n<p class=\"has-medium-font-size\"><strong>O patrocinador investe junto com voc\u00ea: <\/strong>A cada contribui\u00e7\u00e3o sua para o plano, o seu patrocinador tamb\u00e9m faz contribui\u00e7\u00f5es em seu nome, aumentando seu saldo imediatamente.<\/p>\n\n\n\n<p class=\"has-medium-font-size\"><strong>Benef\u00edcios para toda a fam\u00edlia: <\/strong>Os participantes e seus familiares poder\u00e3o contar com a Previnorte em caso de invalidez, morte ou aux\u00edlio-doen\u00e7a.<\/p>\n\n\n\n<p class=\"has-medium-font-size\"><strong>Vantagem tribut\u00e1ria no Imposto de Renda: <\/strong>As contribui\u00e7\u00f5es feitas para a Previnorte podem ser deduzidas dos rendimentos anuais na declara\u00e7\u00e3o completa do Imposto de Renda, at\u00e9 o limite de 12% da renda bruta anual. Al\u00e9m disso, mensalmente a contribui\u00e7\u00e3o \u00e0 Previnorte \u00e9 deduzida da base de c\u00e1lculo de IRRF no contracheque do patrocinador.<\/p>\n\n\n\n<p class=\"has-medium-font-size\"><strong>Participa\u00e7\u00e3o na Rentabilidade: <\/strong>A Previnorte \u00e9 uma institui\u00e7\u00e3o sem fins lucrativos, por isso o resultado l\u00edquido da rentabilidade \u00e9 totalmente repassado ao saldo de conta dos participantes.<\/p>\n\n\n\n<p class=\"has-medium-font-size\"><strong>Flexibilidade no recebimento do benef\u00edcio:<\/strong> No momento da aposentadoria, o participante poder\u00e1 escolher o prazo de recebimento (entre 5 e 50 anos), a op\u00e7\u00e3o pela 13\u00aa parcela anual e, ainda, retirar at\u00e9 25% do saldo de conta de uma \u00fanica vez. Al\u00e9m disso, o prazo escolhido poder\u00e1 ser ajustado ap\u00f3s a concess\u00e3o.<\/p>\n\n\n\n<p class=\"has-medium-font-size\"><strong>Empr\u00e9stimo: <\/strong>A Previnorte oferece assist\u00eancia financeira por meio de empr\u00e9stimo pessoal, com melhores taxas de juros em rela\u00e7\u00e3o ao mercado e prazo de amortiza\u00e7\u00e3o de at\u00e9 80 (oitenta) meses.<\/p>\n\n\n\n<p class=\"has-medium-font-size\"><\/p>\n\n\n\n<div style=\"height:30px\" aria-hidden=\"true\" class=\"wp-block-spacer\"><\/div>\n\n\n\n<p class=\"has-medium-font-size\"><strong>Fazendo a ades\u00e3o at\u00e9 60 dias ap\u00f3s o in\u00edcio do contrato de trabalho, voc\u00ea garante um percentual maior de contribui\u00e7\u00e3o do patrocinador e menor car\u00eancia para aposentadoria.<\/strong><\/p>\n\n\n\n<div style=\"height:30px\" aria-hidden=\"true\" class=\"wp-block-spacer\"><\/div>\n\n\n\n<p class=\"has-medium-font-size\">Caso deseje uma simula\u00e7\u00e3o da sua contribui\u00e7\u00e3o, envie e-mail para relacionamento@previnorte.com.br.<\/p>\n\n\n\n<div style=\"height:31px\" aria-hidden=\"true\" class=\"wp-block-spacer\"><\/div>\n\n\n\n<p class=\"has-small-font-size\">Compartilhe esta p\u00e1gina:<\/p>\n","protected":false},"excerpt":{"rendered":"<p>Conhe\u00e7a as principais vantagens em fazer parte do Plano B da Previnorte: Benef\u00edcio de renda no p\u00f3s-emprego: O grande objetivo da Previnorte \u00e9 auxiliar os seus participantes na constru\u00e7\u00e3o de um futuro financeiro mais tranquilo, seja no momento da aposentadoria ou, ainda, no fim do v\u00ednculo laboral com o patrocinador. O patrocinador investe junto com [&hellip;]<\/p>\n","protected":false},"author":12,"featured_media":0,"parent":0,"menu_order":0,"comment_status":"closed","ping_status":"closed","template":"","meta":{"_acf_changed":false,"om_disable_all_campaigns":false,"_monsterinsights_skip_tracking":false,"_monsterinsights_sitenote_active":false,"_monsterinsights_sitenote_note":"","_monsterinsights_sitenote_category":0,"_uf_show_specific_survey":0,"_uf_disable_surveys":false,"footnotes":""},"class_list":["post-6826","page","type-page","status-publish","hentry"],"acf":[],"aioseo_notices":[],"yoast_head":"<!-- This site is optimized with the Yoast SEO plugin v26.2 - https:\/\/yoast.com\/wordpress\/plugins\/seo\/ -->\r\n<title>Principais vantagens em aderir ao Plano B - Previnorte<\/title>\r\n<meta name=\"robots\" content=\"index, follow, max-snippet:-1, max-image-preview:large, max-video-preview:-1\" \/>\r\n<link rel=\"canonical\" href=\"https:\/\/previnorte.com.br\/site2\/principais-vantagens-em-aderir-ao-plano-b\/\" \/>\r\n<meta property=\"og:locale\" content=\"pt_BR\" \/>\r\n<meta property=\"og:type\" content=\"article\" \/>\r\n<meta property=\"og:title\" content=\"Principais vantagens em aderir ao Plano B - Previnorte\" \/>\r\n<meta property=\"og:description\" content=\"Conhe\u00e7a as principais vantagens em fazer parte do Plano B da Previnorte: Benef\u00edcio de renda no p\u00f3s-emprego: O grande objetivo da Previnorte \u00e9 auxiliar os seus participantes na constru\u00e7\u00e3o de um futuro financeiro mais tranquilo, seja no momento da aposentadoria ou, ainda, no fim do v\u00ednculo laboral com o patrocinador. O patrocinador investe junto com [&hellip;]\" \/>\r\n<meta property=\"og:url\" content=\"https:\/\/previnorte.com.br\/site2\/principais-vantagens-em-aderir-ao-plano-b\/\" \/>\r\n<meta property=\"og:site_name\" content=\"Previnorte\" \/>\r\n<meta property=\"article:modified_time\" content=\"2026-02-20T20:04:20+00:00\" \/>\r\n<meta name=\"twitter:card\" content=\"summary_large_image\" \/>\r\n<meta name=\"twitter:label1\" content=\"Est. tempo de leitura\" \/>\n\t<meta name=\"twitter:data1\" content=\"2 minutos\" \/>\r\n<script type=\"application\/ld+json\" class=\"yoast-schema-graph\">{\"@context\":\"https:\/\/schema.org\",\"@graph\":[{\"@type\":\"WebPage\",\"@id\":\"https:\/\/previnorte.com.br\/site2\/principais-vantagens-em-aderir-ao-plano-b\/\",\"url\":\"https:\/\/previnorte.com.br\/site2\/principais-vantagens-em-aderir-ao-plano-b\/\",\"name\":\"Principais vantagens em aderir ao Plano B - Previnorte\",\"isPartOf\":{\"@id\":\"https:\/\/previnorte.com.br\/site2\/#website\"},\"datePublished\":\"2023-04-03T18:22:33+00:00\",\"dateModified\":\"2026-02-20T20:04:20+00:00\",\"breadcrumb\":{\"@id\":\"https:\/\/previnorte.com.br\/site2\/principais-vantagens-em-aderir-ao-plano-b\/#breadcrumb\"},\"inLanguage\":\"pt-BR\",\"potentialAction\":[{\"@type\":\"ReadAction\",\"target\":[\"https:\/\/previnorte.com.br\/site2\/principais-vantagens-em-aderir-ao-plano-b\/\"]}]},{\"@type\":\"BreadcrumbList\",\"@id\":\"https:\/\/previnorte.com.br\/site2\/principais-vantagens-em-aderir-ao-plano-b\/#breadcrumb\",\"itemListElement\":[{\"@type\":\"ListItem\",\"position\":1,\"name\":\"In\u00edcio\",\"item\":\"https:\/\/previnorte.com.br\/site2\/\"},{\"@type\":\"ListItem\",\"position\":2,\"name\":\"Principais vantagens em aderir ao Plano B\"}]},{\"@type\":\"WebSite\",\"@id\":\"https:\/\/previnorte.com.br\/site2\/#website\",\"url\":\"https:\/\/previnorte.com.br\/site2\/\",\"name\":\"Previnorte\",\"description\":\"Uma entidade fechada de previd\u00eancia complementar,  sem fins lucrativos.\",\"potentialAction\":[{\"@type\":\"SearchAction\",\"target\":{\"@type\":\"EntryPoint\",\"urlTemplate\":\"https:\/\/previnorte.com.br\/site2\/?s={search_term_string}\"},\"query-input\":{\"@type\":\"PropertyValueSpecification\",\"valueRequired\":true,\"valueName\":\"search_term_string\"}}],\"inLanguage\":\"pt-BR\"}]}<\/script>\r\n<!-- \/ Yoast SEO plugin. -->","yoast_head_json":{"title":"Principais vantagens em aderir ao Plano B - Previnorte","robots":{"index":"index","follow":"follow","max-snippet":"max-snippet:-1","max-image-preview":"max-image-preview:large","max-video-preview":"max-video-preview:-1"},"canonical":"https:\/\/previnorte.com.br\/site2\/principais-vantagens-em-aderir-ao-plano-b\/","og_locale":"pt_BR","og_type":"article","og_title":"Principais vantagens em aderir ao Plano B - Previnorte","og_description":"Conhe\u00e7a as principais vantagens em fazer parte do Plano B da Previnorte: Benef\u00edcio de renda no p\u00f3s-emprego: O grande objetivo da Previnorte \u00e9 auxiliar os seus participantes na constru\u00e7\u00e3o de um futuro financeiro mais tranquilo, seja no momento da aposentadoria ou, ainda, no fim do v\u00ednculo laboral com o patrocinador. O patrocinador investe junto com [&hellip;]","og_url":"https:\/\/previnorte.com.br\/site2\/principais-vantagens-em-aderir-ao-plano-b\/","og_site_name":"Previnorte","article_modified_time":"2026-02-20T20:04:20+00:00","twitter_card":"summary_large_image","twitter_misc":{"Est. tempo de leitura":"2 minutos"},"schema":{"@context":"https:\/\/schema.org","@graph":[{"@type":"WebPage","@id":"https:\/\/previnorte.com.br\/site2\/principais-vantagens-em-aderir-ao-plano-b\/","url":"https:\/\/previnorte.com.br\/site2\/principais-vantagens-em-aderir-ao-plano-b\/","name":"Principais vantagens em aderir ao Plano B - Previnorte","isPartOf":{"@id":"https:\/\/previnorte.com.br\/site2\/#website"},"datePublished":"2023-04-03T18:22:33+00:00","dateModified":"2026-02-20T20:04:20+00:00","breadcrumb":{"@id":"https:\/\/previnorte.com.br\/site2\/principais-vantagens-em-aderir-ao-plano-b\/#breadcrumb"},"inLanguage":"pt-BR","potentialAction":[{"@type":"ReadAction","target":["https:\/\/previnorte.com.br\/site2\/principais-vantagens-em-aderir-ao-plano-b\/"]}]},{"@type":"BreadcrumbList","@id":"https:\/\/previnorte.com.br\/site2\/principais-vantagens-em-aderir-ao-plano-b\/#breadcrumb","itemListElement":[{"@type":"ListItem","position":1,"name":"In\u00edcio","item":"https:\/\/previnorte.com.br\/site2\/"},{"@type":"ListItem","position":2,"name":"Principais vantagens em aderir ao Plano B"}]},{"@type":"WebSite","@id":"https:\/\/previnorte.com.br\/site2\/#website","url":"https:\/\/previnorte.com.br\/site2\/","name":"Previnorte","description":"Uma entidade fechada de previd\u00eancia complementar,  sem fins lucrativos.","potentialAction":[{"@type":"SearchAction","target":{"@type":"EntryPoint","urlTemplate":"https:\/\/previnorte.com.br\/site2\/?s={search_term_string}"},"query-input":{"@type":"PropertyValueSpecification","valueRequired":true,"valueName":"search_term_string"}}],"inLanguage":"pt-BR"}]}},"_links":{"self":[{"href":"https:\/\/previnorte.com.br\/site2\/wp-json\/wp\/v2\/pages\/6826","targetHints":{"allow":["GET"]}}],"collection":[{"href":"https:\/\/previnorte.com.br\/site2\/wp-json\/wp\/v2\/pages"}],"about":[{"href":"https:\/\/previnorte.com.br\/site2\/wp-json\/wp\/v2\/types\/page"}],"author":[{"embeddable":true,"href":"https:\/\/previnorte.com.br\/site2\/wp-json\/wp\/v2\/users\/12"}],"replies":[{"embeddable":true,"href":"https:\/\/previnorte.com.br\/site2\/wp-json\/wp\/v2\/comments?post=6826"}],"version-history":[{"count":19,"href":"https:\/\/previnorte.com.br\/site2\/wp-json\/wp\/v2\/pages\/6826\/revisions"}],"predecessor-version":[{"id":19955,"href":"https:\/\/previnorte.com.br\/site2\/wp-json\/wp\/v2\/pages\/6826\/revisions\/19955"}],"wp:attachment":[{"href":"https:\/\/previnorte.com.br\/site2\/wp-json\/wp\/v2\/media?parent=6826"}],"curies":[{"name":"wp","href":"https:\/\/api.w.org\/{rel}","templated":true}]}}