{"id":8490,"date":"2023-09-12T11:07:04","date_gmt":"2023-09-12T14:07:04","guid":{"rendered":"https:\/\/previnorte.com.br\/site2\/?page_id=8490"},"modified":"2024-10-01T08:43:25","modified_gmt":"2024-10-01T11:43:25","slug":"passo-a-passo-para-solicitar-o-adiantamento-de-recursos","status":"publish","type":"page","link":"https:\/\/previnorte.com.br\/site2\/passo-a-passo-para-solicitar-o-adiantamento-de-recursos\/","title":{"rendered":"Passo a passo para solicitar o adiantamento de recursos"},"content":{"rendered":"\n<p>Voc\u00ea que aderiu ao PDV 2023 da Eletrobras Eletronorte, certifique-se de que preenche todos os requisitos para solicitar o adiantamento de recursos:<\/p>\n\n\n\n<ul class=\"wp-block-list\">\n<li>\u00c9 participante do plano 01-B ou do plano 02-B;<\/li>\n\n\n\n<li>Aderiu ao PDV 2023 da Eletrobras Eletronorte; <\/li>\n\n\n\n<li>Solicitou desligamento da sua empresa &#8211; patrocinador; e,<\/li>\n\n\n\n<li>Possui tempo de contribui\u00e7\u00e3o exigido pelo regulamento de seu plano, que pode ser entre 5 e 10 anos.<\/li>\n<\/ul>\n\n\n\n<p>Lembramos que, para receber o valor mensal, voc\u00ea deve fazer algumas escolhas, quais sejam: <\/p>\n\n\n\n<ul class=\"wp-block-list\">\n<li>escolher o prazo de recebimento entre 5 e 50 anos, escolher se quer receber o adiantamento em 12 ou 13 parcelas anuais (o valor acumulado no ano ser\u00e1 basicamente o mesmo), sendo que a parcela 13 funciona como um 13\u00ba;<\/li>\n\n\n\n<li>optar pelo recebimento do pagamento \u00fanico, que \u00e9 a possibilidade de solicitar a retirada de at\u00e9 25% do total do Saldo de Conta a ser pago juntamente com a primeira parcela de benef\u00edcio. O restante do saldo \u00e9 pago considerando o prazo de recebimento escolhido (aten\u00e7\u00e3o ao Imposto de Renda cobrado sobre o valor do Pagamento \u00danico).<\/li>\n<\/ul>\n\n\n\n<p>Se voc\u00ea <strong>possui empr\u00e9stimos<\/strong>, voc\u00ea tem as seguintes possibilidades:<\/p>\n\n\n\n<ul class=\"wp-block-list\">\n<li>Quita\u00e7\u00e3o com recursos pr\u00f3prios&nbsp;\u2013 Quita\u00e7\u00e3o com recursos que n\u00e3o sejam do plano de benef\u00edcios, por meio de cr\u00e9dito na conta da Previnorte;<\/li>\n\n\n\n<li>Utiliza\u00e7\u00e3o do Pagamento \u00danico&nbsp;\u2013 Utiliza\u00e7\u00e3o de at\u00e9 25% do Saldo de Conta para quita\u00e7\u00e3o ou amortiza\u00e7\u00e3o do empr\u00e9stimo;<\/li>\n\n\n\n<li>Parcelas de benef\u00edcio de aposentadoria&nbsp;\u2013 Continuar o pagamento das parcelas mensalmente no contracheque da Previnorte. Neste caso, o valor n\u00e3o pode ser maior que 30% do rendimento l\u00edquido, podendo ser necess\u00e1ria a amortiza\u00e7\u00e3o com recursos pr\u00f3prios ou com parte do Pagamento \u00danico.<\/li>\n\n\n\n<li>Aten\u00e7\u00e3o:&nbsp;a partir do desligamento do patrocinador at\u00e9 o momento da solicita\u00e7\u00e3o do adiantamento, o pagamento das parcelas de empr\u00e9stimo deve ocorrer por meio de boletos que ser\u00e3o disponibilizados no Portal do Participante, no site da Previnorte.<\/li>\n<\/ul>\n\n\n\n<p>Agora que voc\u00ea est\u00e1 ciente de todas as informa\u00e7\u00f5es, preencha os seguintes formul\u00e1rios:<\/p>\n\n\n\n<ul class=\"wp-block-list\">\n<li>Formul\u00e1rio de adiantamento de recursos;<\/li>\n\n\n\n<li>Termo de op\u00e7\u00e3o pelos institutos;<\/li>\n\n\n\n<li>Termo de Rescis\u00e3o de Contra<\/li>\n<\/ul>\n\n\n\n<p>Assine os formul\u00e1rios e encaminhe \u00e0 Previnorte, pelo e-mail: <a href=\"mailto:relacionamento@previnorte.com.br\">relacionamento@previnorte.com.br<\/a>.<\/p>\n\n\n\n<p>O adiantamento de recursos ser\u00e1 pago at\u00e9 o dia 25 do m\u00eas seguinte \u00e0 entrega da documenta\u00e7\u00e3o completa de solicita\u00e7\u00e3o, considerando, inclusive, o requerimento preenchido e o Termo de Rescis\u00e3o do Contrato do Trabalho.<\/p>\n\n\n\n<p>Se ainda tiver d\u00favidas, entre em contato, pelo e-mail: <a href=\"mailto:relacionamento@previnorte.com.br\">relacionamento@previnorte.com.br<\/a>, pelo site, ou pelo telefone\/Whatsapp: 0800 941 8966.<\/p>\n\n\n\n<p><\/p>\n\n\n\n<p class=\"has-text-align-center\"><strong>Previnorte, seu presente e seu futuro est\u00e3o em nossos planos.<\/strong><\/p>\n","protected":false},"excerpt":{"rendered":"<p>Voc\u00ea que aderiu ao PDV 2023 da Eletrobras Eletronorte, certifique-se de que preenche todos os requisitos para solicitar o adiantamento de recursos: Lembramos que, para receber o valor mensal, voc\u00ea deve fazer algumas escolhas, quais sejam: Se voc\u00ea possui empr\u00e9stimos, voc\u00ea tem as seguintes possibilidades: Agora que voc\u00ea est\u00e1 ciente de todas as informa\u00e7\u00f5es, preencha [&hellip;]<\/p>\n","protected":false},"author":6,"featured_media":0,"parent":0,"menu_order":0,"comment_status":"closed","ping_status":"closed","template":"","meta":{"_acf_changed":false,"om_disable_all_campaigns":false,"_monsterinsights_skip_tracking":false,"_monsterinsights_sitenote_active":false,"_monsterinsights_sitenote_note":"","_monsterinsights_sitenote_category":0,"_uf_show_specific_survey":0,"_uf_disable_surveys":false,"footnotes":""},"class_list":["post-8490","page","type-page","status-publish","hentry"],"acf":[],"aioseo_notices":[],"yoast_head":"<!-- This site is optimized with the Yoast SEO plugin v26.2 - https:\/\/yoast.com\/wordpress\/plugins\/seo\/ -->\r\n<title>Passo a passo para solicitar o adiantamento de recursos - Previnorte<\/title>\r\n<meta name=\"robots\" content=\"index, follow, max-snippet:-1, max-image-preview:large, max-video-preview:-1\" \/>\r\n<link rel=\"canonical\" href=\"https:\/\/previnorte.com.br\/site2\/passo-a-passo-para-solicitar-o-adiantamento-de-recursos\/\" \/>\r\n<meta property=\"og:locale\" content=\"pt_BR\" \/>\r\n<meta property=\"og:type\" content=\"article\" \/>\r\n<meta property=\"og:title\" content=\"Passo a passo para solicitar o adiantamento de recursos - Previnorte\" \/>\r\n<meta property=\"og:description\" content=\"Voc\u00ea que aderiu ao PDV 2023 da Eletrobras Eletronorte, certifique-se de que preenche todos os requisitos para solicitar o adiantamento de recursos: Lembramos que, para receber o valor mensal, voc\u00ea deve fazer algumas escolhas, quais sejam: Se voc\u00ea possui empr\u00e9stimos, voc\u00ea tem as seguintes possibilidades: Agora que voc\u00ea est\u00e1 ciente de todas as informa\u00e7\u00f5es, preencha [&hellip;]\" \/>\r\n<meta property=\"og:url\" content=\"https:\/\/previnorte.com.br\/site2\/passo-a-passo-para-solicitar-o-adiantamento-de-recursos\/\" \/>\r\n<meta property=\"og:site_name\" content=\"Previnorte\" \/>\r\n<meta property=\"article:modified_time\" content=\"2024-10-01T11:43:25+00:00\" \/>\r\n<meta name=\"twitter:card\" content=\"summary_large_image\" \/>\r\n<meta name=\"twitter:label1\" content=\"Est. tempo de leitura\" \/>\n\t<meta name=\"twitter:data1\" content=\"3 minutos\" \/>\r\n<script type=\"application\/ld+json\" class=\"yoast-schema-graph\">{\"@context\":\"https:\/\/schema.org\",\"@graph\":[{\"@type\":\"WebPage\",\"@id\":\"https:\/\/previnorte.com.br\/site2\/passo-a-passo-para-solicitar-o-adiantamento-de-recursos\/\",\"url\":\"https:\/\/previnorte.com.br\/site2\/passo-a-passo-para-solicitar-o-adiantamento-de-recursos\/\",\"name\":\"Passo a passo para solicitar o adiantamento de recursos - Previnorte\",\"isPartOf\":{\"@id\":\"https:\/\/previnorte.com.br\/site2\/#website\"},\"datePublished\":\"2023-09-12T14:07:04+00:00\",\"dateModified\":\"2024-10-01T11:43:25+00:00\",\"breadcrumb\":{\"@id\":\"https:\/\/previnorte.com.br\/site2\/passo-a-passo-para-solicitar-o-adiantamento-de-recursos\/#breadcrumb\"},\"inLanguage\":\"pt-BR\",\"potentialAction\":[{\"@type\":\"ReadAction\",\"target\":[\"https:\/\/previnorte.com.br\/site2\/passo-a-passo-para-solicitar-o-adiantamento-de-recursos\/\"]}]},{\"@type\":\"BreadcrumbList\",\"@id\":\"https:\/\/previnorte.com.br\/site2\/passo-a-passo-para-solicitar-o-adiantamento-de-recursos\/#breadcrumb\",\"itemListElement\":[{\"@type\":\"ListItem\",\"position\":1,\"name\":\"In\u00edcio\",\"item\":\"https:\/\/previnorte.com.br\/site2\/\"},{\"@type\":\"ListItem\",\"position\":2,\"name\":\"Passo a passo para solicitar o adiantamento de recursos\"}]},{\"@type\":\"WebSite\",\"@id\":\"https:\/\/previnorte.com.br\/site2\/#website\",\"url\":\"https:\/\/previnorte.com.br\/site2\/\",\"name\":\"Previnorte\",\"description\":\"Uma entidade fechada de previd\u00eancia complementar,  sem fins lucrativos.\",\"potentialAction\":[{\"@type\":\"SearchAction\",\"target\":{\"@type\":\"EntryPoint\",\"urlTemplate\":\"https:\/\/previnorte.com.br\/site2\/?s={search_term_string}\"},\"query-input\":{\"@type\":\"PropertyValueSpecification\",\"valueRequired\":true,\"valueName\":\"search_term_string\"}}],\"inLanguage\":\"pt-BR\"}]}<\/script>\r\n<!-- \/ Yoast SEO plugin. -->","yoast_head_json":{"title":"Passo a passo para solicitar o adiantamento de recursos - Previnorte","robots":{"index":"index","follow":"follow","max-snippet":"max-snippet:-1","max-image-preview":"max-image-preview:large","max-video-preview":"max-video-preview:-1"},"canonical":"https:\/\/previnorte.com.br\/site2\/passo-a-passo-para-solicitar-o-adiantamento-de-recursos\/","og_locale":"pt_BR","og_type":"article","og_title":"Passo a passo para solicitar o adiantamento de recursos - Previnorte","og_description":"Voc\u00ea que aderiu ao PDV 2023 da Eletrobras Eletronorte, certifique-se de que preenche todos os requisitos para solicitar o adiantamento de recursos: Lembramos que, para receber o valor mensal, voc\u00ea deve fazer algumas escolhas, quais sejam: Se voc\u00ea possui empr\u00e9stimos, voc\u00ea tem as seguintes possibilidades: Agora que voc\u00ea est\u00e1 ciente de todas as informa\u00e7\u00f5es, preencha [&hellip;]","og_url":"https:\/\/previnorte.com.br\/site2\/passo-a-passo-para-solicitar-o-adiantamento-de-recursos\/","og_site_name":"Previnorte","article_modified_time":"2024-10-01T11:43:25+00:00","twitter_card":"summary_large_image","twitter_misc":{"Est. tempo de leitura":"3 minutos"},"schema":{"@context":"https:\/\/schema.org","@graph":[{"@type":"WebPage","@id":"https:\/\/previnorte.com.br\/site2\/passo-a-passo-para-solicitar-o-adiantamento-de-recursos\/","url":"https:\/\/previnorte.com.br\/site2\/passo-a-passo-para-solicitar-o-adiantamento-de-recursos\/","name":"Passo a passo para solicitar o adiantamento de recursos - Previnorte","isPartOf":{"@id":"https:\/\/previnorte.com.br\/site2\/#website"},"datePublished":"2023-09-12T14:07:04+00:00","dateModified":"2024-10-01T11:43:25+00:00","breadcrumb":{"@id":"https:\/\/previnorte.com.br\/site2\/passo-a-passo-para-solicitar-o-adiantamento-de-recursos\/#breadcrumb"},"inLanguage":"pt-BR","potentialAction":[{"@type":"ReadAction","target":["https:\/\/previnorte.com.br\/site2\/passo-a-passo-para-solicitar-o-adiantamento-de-recursos\/"]}]},{"@type":"BreadcrumbList","@id":"https:\/\/previnorte.com.br\/site2\/passo-a-passo-para-solicitar-o-adiantamento-de-recursos\/#breadcrumb","itemListElement":[{"@type":"ListItem","position":1,"name":"In\u00edcio","item":"https:\/\/previnorte.com.br\/site2\/"},{"@type":"ListItem","position":2,"name":"Passo a passo para solicitar o adiantamento de recursos"}]},{"@type":"WebSite","@id":"https:\/\/previnorte.com.br\/site2\/#website","url":"https:\/\/previnorte.com.br\/site2\/","name":"Previnorte","description":"Uma entidade fechada de previd\u00eancia complementar,  sem fins lucrativos.","potentialAction":[{"@type":"SearchAction","target":{"@type":"EntryPoint","urlTemplate":"https:\/\/previnorte.com.br\/site2\/?s={search_term_string}"},"query-input":{"@type":"PropertyValueSpecification","valueRequired":true,"valueName":"search_term_string"}}],"inLanguage":"pt-BR"}]}},"_links":{"self":[{"href":"https:\/\/previnorte.com.br\/site2\/wp-json\/wp\/v2\/pages\/8490","targetHints":{"allow":["GET"]}}],"collection":[{"href":"https:\/\/previnorte.com.br\/site2\/wp-json\/wp\/v2\/pages"}],"about":[{"href":"https:\/\/previnorte.com.br\/site2\/wp-json\/wp\/v2\/types\/page"}],"author":[{"embeddable":true,"href":"https:\/\/previnorte.com.br\/site2\/wp-json\/wp\/v2\/users\/6"}],"replies":[{"embeddable":true,"href":"https:\/\/previnorte.com.br\/site2\/wp-json\/wp\/v2\/comments?post=8490"}],"version-history":[{"count":10,"href":"https:\/\/previnorte.com.br\/site2\/wp-json\/wp\/v2\/pages\/8490\/revisions"}],"predecessor-version":[{"id":13311,"href":"https:\/\/previnorte.com.br\/site2\/wp-json\/wp\/v2\/pages\/8490\/revisions\/13311"}],"wp:attachment":[{"href":"https:\/\/previnorte.com.br\/site2\/wp-json\/wp\/v2\/media?parent=8490"}],"curies":[{"name":"wp","href":"https:\/\/api.w.org\/{rel}","templated":true}]}}